{"id":768,"date":"2025-06-30T03:29:36","date_gmt":"2025-06-30T03:29:36","guid":{"rendered":"http:\/\/thuvien360.com\/?post_type=product&#038;p=768"},"modified":"2025-07-04T08:13:14","modified_gmt":"2025-07-04T08:13:14","slug":"truyen-ngan-phat-giao","status":"publish","type":"product","link":"http:\/\/thuvien360.com\/?product=truyen-ngan-phat-giao","title":{"rendered":"TRUY\u1ec6N NG\u1eaeN PH\u1eacT GI\u00c1O"},"content":{"rendered":"<h3 data-start=\"205\" data-end=\"239\">\ud83d\udcd8 <strong data-start=\"212\" data-end=\"237\">TRUY\u1ec6N NG\u1eaeN PH\u1eacT GI\u00c1O<\/strong><\/h3>\n<p data-start=\"240\" data-end=\"355\"><strong data-start=\"240\" data-end=\"262\">T\u00e1c gi\u1ea3: D\u0169ng H\u00f9ng<\/strong><br data-start=\"262\" data-end=\"265\" \/><em data-start=\"265\" data-end=\"355\">M\u1ed7i c\u00e2u chuy\u1ec7n l\u00e0 m\u1ed9t ng\u1ecdn \u0111\u00e8n soi \u0111\u01b0\u1eddng, \u0111\u01b0a b\u1ea1n tr\u1edf v\u1ec1 v\u1edbi s\u1ef1 an nhi\u00ean trong t\u00e2m th\u1ee9c.<\/em><\/p>\n<hr data-start=\"357\" data-end=\"360\" \/>\n<p data-start=\"362\" data-end=\"644\"><strong data-start=\"362\" data-end=\"389\">&#8220;Truy\u1ec7n Ng\u1eafn Ph\u1eadt Gi\u00e1o&#8221;<\/strong> l\u00e0 tuy\u1ec3n t\u1eadp nh\u1eefng c\u00e2u chuy\u1ec7n ng\u1eafn mang \u0111\u1eadm tinh th\u1ea7n thi\u1ec1n, t\u1eeb bi v\u00e0 tr\u00ed tu\u1ec7 trong gi\u00e1o l\u00fd nh\u00e0 Ph\u1eadt. Kh\u00f4ng gi\u00e1o \u0111i\u1ec1u hay n\u1eb7ng tri\u1ebft l\u00fd, nh\u1eefng m\u1ea9u chuy\u1ec7n trong s\u00e1ch \u0111\u01b0\u1ee3c k\u1ec3 b\u1eb1ng gi\u1ecdng v\u0103n dung d\u1ecb, \u0111\u1eddi th\u01b0\u1eddng, gi\u00fap ng\u01b0\u1eddi \u0111\u1ecdc d\u1ec5 d\u00e0ng ti\u1ebfp nh\u1eadn v\u00e0 suy ng\u1eabm.<\/p>\n<p data-start=\"646\" data-end=\"912\">T\u1eeb nh\u1eefng b\u00e0i h\u1ecdc nh\u1ecf v\u1ec1 <strong data-start=\"670\" data-end=\"761\">bu\u00f4ng b\u1ecf, tha th\u1ee9, ch\u00e1nh ni\u1ec7m, nghi\u1ec7p b\u00e1o cho \u0111\u1ebfn nh\u1eefng m\u1ea9u chuy\u1ec7n h\u00e0i h\u01b0\u1edbc m\u00e0 th\u00e2m s\u00e2u<\/strong>, cu\u1ed1n s\u00e1ch kh\u00f4ng ch\u1ec9 gi\u00fap b\u1ea1n th\u1ea5m nhu\u1ea7n tinh th\u1ea7n Ph\u1eadt gi\u00e1o, m\u00e0 c\u00f2n l\u00e0 <strong data-start=\"834\" data-end=\"911\">li\u1ec1u thu\u1ed1c tinh th\u1ea7n cho nh\u1eefng ai \u0111ang ch\u00eanh v\u00eanh gi\u1eefa cu\u1ed9c s\u1ed1ng hi\u1ec7n \u0111\u1ea1i<\/strong>.<\/p>\n<hr data-start=\"914\" data-end=\"917\" \/>\n<h3 data-start=\"919\" data-end=\"939\">\ud83c\udf1f \u0110i\u1ec3m \u0111\u1eb7c s\u1eafc:<\/h3>\n<ul data-start=\"940\" data-end=\"1212\">\n<li data-start=\"940\" data-end=\"990\">\n<p data-start=\"942\" data-end=\"990\">\ud83d\udcd6 L\u1ed1i k\u1ec3 chuy\u1ec7n m\u1ed9c m\u1ea1c, g\u1ea7n g\u0169i v\u1edbi \u0111\u1eddi s\u1ed1ng<\/p>\n<\/li>\n<li data-start=\"991\" data-end=\"1056\">\n<p data-start=\"993\" data-end=\"1056\">\ud83e\uddd8 Mang tri\u1ebft l\u00fd Ph\u1eadt gi\u00e1o \u0111\u1ebfn v\u1edbi \u0111\u1ea1i ch\u00fang m\u1ed9t c\u00e1ch d\u1ec5 hi\u1ec3u<\/p>\n<\/li>\n<li data-start=\"1057\" data-end=\"1138\">\n<p data-start=\"1059\" data-end=\"1138\">\ud83d\udca1 G\u1ee3i m\u1edf t\u01b0 duy, th\u1ee9c t\u1ec9nh n\u1ed9i t\u00e2m, gi\u00fap b\u1ea1n t\u00ecm th\u1ea5y b\u00ecnh an gi\u1eefa bi\u1ebfn \u0111\u1ed9ng<\/p>\n<\/li>\n<li data-start=\"1139\" data-end=\"1212\">\n<p data-start=\"1141\" data-end=\"1212\">\ud83d\udd4a Ph\u00f9 h\u1ee3p v\u1edbi m\u1ecdi \u0111\u1ed9 tu\u1ed5i, \u0111\u1eb7c bi\u1ec7t nh\u1eefng ai \u0111ang t\u00ecm ki\u1ebfm s\u1ef1 t\u0129nh t\u1ea1i<\/p>\n<\/li>\n<\/ul>\n","protected":false},"excerpt":{"rendered":"<p>T\u00e1c gi\u1ea3 : D\u0169ng H\u00f9ng<br \/>\n\u0110\u1ecbnh d\u1ea1ng : S\u00e1ch n\u00f3i<\/p>\n<p><strong><a href=\"https:\/\/drive.usercontent.google.com\/download?id=1Me1fzENZQMnv8DBdBfI0AeJ8yDevC8zy&amp;export=download&amp;authuser=0\">DOWNLOAD<\/a><br \/>\nH\u00e3y t\u00f9y t\u00e2m \u0111\u00f3ng g\u00f3p \u0111\u1ec3 ch\u00fang t\u00f4i c\u00f3 th\u1ec3 ti\u1ebfp t\u1ee5c duy tr\u00ec v\u00e0 ph\u00e1t tri\u1ec3n ho\u1ea1t \u0111\u1ed9ng \u00fd ngh\u0129a n\u00e0y.<\/strong><\/p>\n<p><img decoding=\"async\" src=\"http:\/\/thuvien360.com\/wp-content\/uploads\/2025\/06\/QR-HUNG.jpg\" \/><\/p>\n","protected":false},"featured_media":769,"comment_status":"open","ping_status":"closed","template":"","meta":{"_uag_custom_page_level_css":""},"product_brand":[],"product_cat":[41,44],"product_tag":[],"class_list":{"0":"post-768","1":"product","2":"type-product","3":"status-publish","4":"has-post-thumbnail","6":"product_cat-phat-giao","7":"product_cat-van-hoc","9":"first","10":"instock","11":"downloadable","12":"virtual","13":"sold-individually","14":"product-type-simple"},"uagb_featured_image_src":{"full":["http:\/\/thuvien360.com\/wp-content\/uploads\/2025\/06\/07-6249-truyen-ngan-phat-giao-1.jpg",1200,900,false],"thumbnail":["http:\/\/thuvien360.com\/wp-content\/uploads\/2025\/06\/07-6249-truyen-ngan-phat-giao-1-150x150.jpg",150,150,true],"medium":["http:\/\/thuvien360.com\/wp-content\/uploads\/2025\/06\/07-6249-truyen-ngan-phat-giao-1-300x225.jpg",300,225,true],"medium_large":["http:\/\/thuvien360.com\/wp-content\/uploads\/2025\/06\/07-6249-truyen-ngan-phat-giao-1-768x576.jpg",768,576,true],"large":["http:\/\/thuvien360.com\/wp-content\/uploads\/2025\/06\/07-6249-truyen-ngan-phat-giao-1-1024x768.jpg",1020,765,true],"1536x1536":["http:\/\/thuvien360.com\/wp-content\/uploads\/2025\/06\/07-6249-truyen-ngan-phat-giao-1.jpg",1200,900,false],"2048x2048":["http:\/\/thuvien360.com\/wp-content\/uploads\/2025\/06\/07-6249-truyen-ngan-phat-giao-1.jpg",1200,900,false],"woocommerce_thumbnail":["http:\/\/thuvien360.com\/wp-content\/uploads\/2025\/06\/07-6249-truyen-ngan-phat-giao-1-300x300.jpg",300,300,true],"woocommerce_single":["http:\/\/thuvien360.com\/wp-content\/uploads\/2025\/06\/07-6249-truyen-ngan-phat-giao-1-600x450.jpg",600,450,true],"woocommerce_gallery_thumbnail":["http:\/\/thuvien360.com\/wp-content\/uploads\/2025\/06\/07-6249-truyen-ngan-phat-giao-1-100x100.jpg",100,100,true]},"uagb_author_info":{"display_name":"admin","author_link":"http:\/\/thuvien360.com\/?author=0"},"uagb_comment_info":0,"uagb_excerpt":"T\u00e1c gi\u1ea3 : D\u0169ng H\u00f9ng \u0110\u1ecbnh d\u1ea1ng : S\u00e1ch n\u00f3i DOWNLOAD H\u00e3y t\u00f9y t\u00e2m \u0111\u00f3ng g\u00f3p \u0111\u1ec3 ch\u00fang t\u00f4i c\u00f3 th\u1ec3 ti\u1ebfp t\u1ee5c duy tr\u00ec v\u00e0 ph\u00e1t tri\u1ec3n ho\u1ea1t \u0111\u1ed9ng \u00fd ngh\u0129a n\u00e0y.","_links":{"self":[{"href":"http:\/\/thuvien360.com\/index.php?rest_route=\/wp\/v2\/product\/768","targetHints":{"allow":["GET"]}}],"collection":[{"href":"http:\/\/thuvien360.com\/index.php?rest_route=\/wp\/v2\/product"}],"about":[{"href":"http:\/\/thuvien360.com\/index.php?rest_route=\/wp\/v2\/types\/product"}],"replies":[{"embeddable":true,"href":"http:\/\/thuvien360.com\/index.php?rest_route=%2Fwp%2Fv2%2Fcomments&post=768"}],"wp:featuredmedia":[{"embeddable":true,"href":"http:\/\/thuvien360.com\/index.php?rest_route=\/wp\/v2\/media\/769"}],"wp:attachment":[{"href":"http:\/\/thuvien360.com\/index.php?rest_route=%2Fwp%2Fv2%2Fmedia&parent=768"}],"wp:term":[{"taxonomy":"product_brand","embeddable":true,"href":"http:\/\/thuvien360.com\/index.php?rest_route=%2Fwp%2Fv2%2Fproduct_brand&post=768"},{"taxonomy":"product_cat","embeddable":true,"href":"http:\/\/thuvien360.com\/index.php?rest_route=%2Fwp%2Fv2%2Fproduct_cat&post=768"},{"taxonomy":"product_tag","embeddable":true,"href":"http:\/\/thuvien360.com\/index.php?rest_route=%2Fwp%2Fv2%2Fproduct_tag&post=768"}],"curies":[{"name":"wp","href":"https:\/\/api.w.org\/{rel}","templated":true}]}}