{"id":760,"date":"2025-06-30T03:23:43","date_gmt":"2025-06-30T03:23:43","guid":{"rendered":"http:\/\/thuvien360.com\/?post_type=product&#038;p=760"},"modified":"2025-07-04T01:34:14","modified_gmt":"2025-07-04T01:34:14","slug":"truyen-co-mam-non","status":"publish","type":"product","link":"http:\/\/thuvien360.com\/?product=truyen-co-mam-non","title":{"rendered":"TRUY\u1ec6N C\u1ed4 M\u1ea6M NON"},"content":{"rendered":"<h3 data-start=\"172\" data-end=\"202\">\ud83d\udcd6 <strong data-start=\"179\" data-end=\"200\">TRUY\u1ec6N C\u1ed4 M\u1ea6M NON<\/strong><\/h3>\n<p data-start=\"203\" data-end=\"333\"><strong data-start=\"203\" data-end=\"229\">T\u00e1c gi\u1ea3: Nhi\u1ec1u T\u00e1c Gi\u1ea3<\/strong><br data-start=\"229\" data-end=\"232\" \/><em data-start=\"232\" data-end=\"333\">M\u1edf ra th\u1ebf gi\u1edbi nhi\u1ec7m m\u00e0u c\u1ee7a nh\u1eefng b\u00e0i h\u1ecdc \u0111\u1ea7u \u0111\u1eddi \u2013 nh\u1eb9 nh\u00e0ng, nh\u00e2n v\u0103n v\u00e0 \u0111\u1ea7y \u1eafp tr\u00ed t\u01b0\u1edfng t\u01b0\u1ee3ng.<\/em><\/p>\n<hr data-start=\"335\" data-end=\"338\" \/>\n<p data-start=\"340\" data-end=\"742\"><strong data-start=\"340\" data-end=\"363\">&#8220;Truy\u1ec7n C\u1ed5 M\u1ea7m Non&#8221;<\/strong> l\u00e0 b\u1ed9 s\u01b0u t\u1eadp nh\u1eefng truy\u1ec7n d\u00e2n gian, c\u1ed5 t\u00edch v\u00e0 ng\u1ee5 ng\u00f4n quen thu\u1ed9c \u0111\u01b0\u1ee3c ch\u1ecdn l\u1ecdc, k\u1ec3 l\u1ea1i v\u1edbi v\u0103n phong trong s\u00e1ng, ng\u1eafn g\u1ecdn v\u00e0 d\u1ec5 hi\u1ec3u d\u00e0nh ri\u00eang cho tr\u1ebb nh\u1ecf t\u1eeb 3 \u0111\u1ebfn 6 tu\u1ed5i. Th\u00f4ng qua nh\u1eefng nh\u00e2n v\u1eadt nh\u01b0 Th\u1ea1ch Sanh, T\u1ea5m C\u00e1m, ch\u00fa Th\u1ecf, b\u00e1c G\u1ea5u\u2026 c\u00e1c em \u0111\u01b0\u1ee3c ti\u1ebfp c\u1eadn v\u1edbi c\u00e1c gi\u00e1 tr\u1ecb \u0111\u1ea1o \u0111\u1ee9c nh\u01b0 l\u00f2ng hi\u1ebfu th\u1ea3o, t\u00ednh trung th\u1ef1c, tinh th\u1ea7n s\u1ebb chia, c\u0169ng nh\u01b0 s\u1ef1 d\u0169ng c\u1ea3m v\u00e0 ki\u00ean tr\u00ec.<\/p>\n<hr data-start=\"744\" data-end=\"747\" \/>\n<h3 data-start=\"749\" data-end=\"769\">\ud83c\udf1f \u0110i\u1ec3m \u0111\u1eb7c s\u1eafc:<\/h3>\n<ul data-start=\"770\" data-end=\"1063\">\n<li data-start=\"770\" data-end=\"834\">\n<p data-start=\"772\" data-end=\"834\">\u2728 Truy\u1ec7n ng\u1eafn, t\u1eeb v\u1ef1ng \u0111\u01a1n gi\u1ea3n, c\u00e2u c\u00fa m\u1ea1ch l\u1ea1c, d\u1ec5 ghi nh\u1edb<\/p>\n<\/li>\n<li data-start=\"835\" data-end=\"908\">\n<p data-start=\"837\" data-end=\"908\">\ud83c\udfa8 Minh h\u1ecda m\u00e0u s\u1eafc t\u01b0\u01a1i s\u00e1ng, k\u00edch th\u00edch th\u1ecb gi\u00e1c v\u00e0 tr\u00ed t\u01b0\u1edfng t\u01b0\u1ee3ng<\/p>\n<\/li>\n<li data-start=\"909\" data-end=\"981\">\n<p data-start=\"911\" data-end=\"981\">\ud83d\udcda N\u1ed9i dung gi\u00e0u t\u00ednh gi\u00e1o d\u1ee5c, gi\u00fap tr\u1ebb h\u00ecnh th\u00e0nh nh\u00e2n c\u00e1ch t\u1eeb s\u1edbm<\/p>\n<\/li>\n<li data-start=\"982\" data-end=\"1063\">\n<p data-start=\"984\" data-end=\"1063\">\ud83e\uddf8 Ph\u00f9 h\u1ee3p k\u1ec3 chuy\u1ec7n tr\u01b0\u1edbc khi ng\u1ee7, trong gi\u1edd sinh ho\u1ea1t l\u1edbp, hay \u0111\u1ecdc c\u00f9ng ba m\u1eb9<\/p>\n<\/li>\n<\/ul>\n","protected":false},"excerpt":{"rendered":"<p>T\u00e1c gi\u1ea3 : Nhi\u1ec1u T\u00e1c Gi\u1ea3<br \/>\n\u0110\u1ecbnh d\u1ea1ng : S\u00e1ch n\u00f3i<\/p>\n<p><strong><a href=\"https:\/\/drive.usercontent.google.com\/download?id=1VbEu2Z2UX4p9xBhOxZEN_YoOPvFU1mZ9&amp;export=download&amp;authuser=0\">DOWNLOAD<\/a><br \/>\nH\u00e3y t\u00f9y t\u00e2m \u0111\u00f3ng g\u00f3p \u0111\u1ec3 ch\u00fang t\u00f4i c\u00f3 th\u1ec3 ti\u1ebfp t\u1ee5c duy tr\u00ec v\u00e0 ph\u00e1t tri\u1ec3n ho\u1ea1t \u0111\u1ed9ng \u00fd ngh\u0129a n\u00e0y.<\/strong><\/p>\n<p><img fetchpriority=\"high\" decoding=\"async\" class=\"alignnone size-medium wp-image-791\" src=\"http:\/\/thuvien360.com\/wp-content\/uploads\/2025\/06\/QR-HUNG-190x300.jpg\" alt=\"\" width=\"190\" height=\"300\" srcset=\"http:\/\/thuvien360.com\/wp-content\/uploads\/2025\/06\/QR-HUNG-190x300.jpg 190w, http:\/\/thuvien360.com\/wp-content\/uploads\/2025\/06\/QR-HUNG-650x1024.jpg 650w, http:\/\/thuvien360.com\/wp-content\/uploads\/2025\/06\/QR-HUNG-768x1210.jpg 768w, http:\/\/thuvien360.com\/wp-content\/uploads\/2025\/06\/QR-HUNG-600x945.jpg 600w, http:\/\/thuvien360.com\/wp-content\/uploads\/2025\/06\/QR-HUNG.jpg 803w\" sizes=\"(max-width: 190px) 100vw, 190px\" \/><\/p>\n","protected":false},"featured_media":761,"comment_status":"open","ping_status":"closed","template":"","meta":{"_uag_custom_page_level_css":""},"product_brand":[],"product_cat":[44],"product_tag":[],"class_list":{"0":"post-760","1":"product","2":"type-product","3":"status-publish","4":"has-post-thumbnail","6":"product_cat-van-hoc","8":"first","9":"instock","10":"downloadable","11":"virtual","12":"sold-individually","13":"product-type-simple"},"uagb_featured_image_src":{"full":["http:\/\/thuvien360.com\/wp-content\/uploads\/2025\/06\/02-6067-truyen-co-mam-non-1.jpg",1200,900,false],"thumbnail":["http:\/\/thuvien360.com\/wp-content\/uploads\/2025\/06\/02-6067-truyen-co-mam-non-1-150x150.jpg",150,150,true],"medium":["http:\/\/thuvien360.com\/wp-content\/uploads\/2025\/06\/02-6067-truyen-co-mam-non-1-300x225.jpg",300,225,true],"medium_large":["http:\/\/thuvien360.com\/wp-content\/uploads\/2025\/06\/02-6067-truyen-co-mam-non-1-768x576.jpg",768,576,true],"large":["http:\/\/thuvien360.com\/wp-content\/uploads\/2025\/06\/02-6067-truyen-co-mam-non-1-1024x768.jpg",1020,765,true],"1536x1536":["http:\/\/thuvien360.com\/wp-content\/uploads\/2025\/06\/02-6067-truyen-co-mam-non-1.jpg",1200,900,false],"2048x2048":["http:\/\/thuvien360.com\/wp-content\/uploads\/2025\/06\/02-6067-truyen-co-mam-non-1.jpg",1200,900,false],"woocommerce_thumbnail":["http:\/\/thuvien360.com\/wp-content\/uploads\/2025\/06\/02-6067-truyen-co-mam-non-1-300x300.jpg",300,300,true],"woocommerce_single":["http:\/\/thuvien360.com\/wp-content\/uploads\/2025\/06\/02-6067-truyen-co-mam-non-1-600x450.jpg",600,450,true],"woocommerce_gallery_thumbnail":["http:\/\/thuvien360.com\/wp-content\/uploads\/2025\/06\/02-6067-truyen-co-mam-non-1-100x100.jpg",100,100,true]},"uagb_author_info":{"display_name":"admin","author_link":"http:\/\/thuvien360.com\/?author=0"},"uagb_comment_info":0,"uagb_excerpt":"T\u00e1c gi\u1ea3 : Nhi\u1ec1u T\u00e1c Gi\u1ea3 \u0110\u1ecbnh d\u1ea1ng : S\u00e1ch n\u00f3i DOWNLOAD H\u00e3y t\u00f9y t\u00e2m \u0111\u00f3ng g\u00f3p \u0111\u1ec3 ch\u00fang t\u00f4i c\u00f3 th\u1ec3 ti\u1ebfp t\u1ee5c duy tr\u00ec v\u00e0 ph\u00e1t tri\u1ec3n ho\u1ea1t \u0111\u1ed9ng \u00fd ngh\u0129a n\u00e0y.","_links":{"self":[{"href":"http:\/\/thuvien360.com\/index.php?rest_route=\/wp\/v2\/product\/760","targetHints":{"allow":["GET"]}}],"collection":[{"href":"http:\/\/thuvien360.com\/index.php?rest_route=\/wp\/v2\/product"}],"about":[{"href":"http:\/\/thuvien360.com\/index.php?rest_route=\/wp\/v2\/types\/product"}],"replies":[{"embeddable":true,"href":"http:\/\/thuvien360.com\/index.php?rest_route=%2Fwp%2Fv2%2Fcomments&post=760"}],"wp:featuredmedia":[{"embeddable":true,"href":"http:\/\/thuvien360.com\/index.php?rest_route=\/wp\/v2\/media\/761"}],"wp:attachment":[{"href":"http:\/\/thuvien360.com\/index.php?rest_route=%2Fwp%2Fv2%2Fmedia&parent=760"}],"wp:term":[{"taxonomy":"product_brand","embeddable":true,"href":"http:\/\/thuvien360.com\/index.php?rest_route=%2Fwp%2Fv2%2Fproduct_brand&post=760"},{"taxonomy":"product_cat","embeddable":true,"href":"http:\/\/thuvien360.com\/index.php?rest_route=%2Fwp%2Fv2%2Fproduct_cat&post=760"},{"taxonomy":"product_tag","embeddable":true,"href":"http:\/\/thuvien360.com\/index.php?rest_route=%2Fwp%2Fv2%2Fproduct_tag&post=760"}],"curies":[{"name":"wp","href":"https:\/\/api.w.org\/{rel}","templated":true}]}}