{"id":744,"date":"2025-06-30T03:09:19","date_gmt":"2025-06-30T03:09:19","guid":{"rendered":"http:\/\/thuvien360.com\/?post_type=product&#038;p=744"},"modified":"2025-07-04T07:51:40","modified_gmt":"2025-07-04T07:51:40","slug":"khi-hoi-tho-hoa-thinh-khong","status":"publish","type":"product","link":"http:\/\/thuvien360.com\/?product=khi-hoi-tho-hoa-thinh-khong","title":{"rendered":"KHI H\u01a0I TH\u1ede H\u00d3A THINH KH\u00d4NG"},"content":{"rendered":"<h3 data-start=\"263\" data-end=\"303\">\ud83d\udcab <strong data-start=\"270\" data-end=\"301\">KHI H\u01a0I TH\u1ede H\u00d3A THINH KH\u00d4NG<\/strong><\/h3>\n<p data-start=\"304\" data-end=\"455\"><strong data-start=\"304\" data-end=\"331\">T\u00e1c gi\u1ea3: Paul Kalanithi<\/strong><br data-start=\"331\" data-end=\"334\" \/><em data-start=\"334\" data-end=\"455\">M\u1ed9t l\u1eddi chia tay d\u1ecbu d\u00e0ng gi\u1eefa s\u1ef1 s\u1ed1ng v\u00e0 c\u00e1i ch\u1ebft \u2013 n\u01a1i khoa h\u1ecdc ch\u1ea1m \u0111\u1ebfn tri\u1ebft l\u00fd, n\u01a1i m\u1ed9t con ng\u01b0\u1eddi ch\u1ea1m \u0111\u1ebfn b\u1ea5t t\u1eed.<\/em><\/p>\n<hr data-start=\"457\" data-end=\"460\" \/>\n<p data-start=\"462\" data-end=\"818\"><strong data-start=\"462\" data-end=\"480\">Paul Kalanithi<\/strong> l\u00e0 m\u1ed9t b\u00e1c s\u0129 gi\u1ea3i ph\u1eabu th\u1ea7n kinh t\u00e0i n\u0103ng, \u0111ang \u1edf \u0111\u1ec9nh cao s\u1ef1 nghi\u1ec7p th\u00ec b\u1ea5t ng\u1edd ph\u00e1t hi\u1ec7n m\u00ecnh m\u1eafc ung th\u01b0 ph\u1ed5i giai \u0111o\u1ea1n cu\u1ed1i. Cu\u1ed1n s\u00e1ch l\u00e0 b\u1ea3n h\u1ed3i k\u00fd m\u00e0 anh vi\u1ebft trong nh\u1eefng ng\u00e0y cu\u1ed1i \u0111\u1eddi \u2014 kh\u00f4ng ch\u1ec9 ghi l\u1ea1i h\u00e0nh tr\u00ecnh ch\u1ed1ng ch\u1ecdi b\u1ec7nh t\u1eadt, m\u00e0 c\u00f2n l\u00e0 l\u1eddi t\u1ef1 v\u1ea5n v\u1ec1 \u00fd ngh\u0129a c\u1ee7a s\u1ef1 s\u1ed1ng, c\u00e1i ch\u1ebft, t\u00ecnh y\u00eau, tr\u00e1ch nhi\u1ec7m v\u00e0 s\u1ef1 ch\u1ea5p nh\u1eadn.<\/p>\n<hr data-start=\"820\" data-end=\"823\" \/>\n<h3 data-start=\"825\" data-end=\"862\">\ud83d\udcd8 Nh\u1eefng \u0111i\u1ec1u cu\u1ed1n s\u00e1ch mang l\u1ea1i:<\/h3>\n<ul data-start=\"863\" data-end=\"1273\">\n<li data-start=\"863\" data-end=\"955\">\n<p data-start=\"865\" data-end=\"955\">\ud83e\udde0 C\u00e1i nh\u00ecn ch\u00e2n th\u1ef1c v\u00e0 s\u00e2u s\u1eafc v\u1ec1 cu\u1ed9c s\u1ed1ng c\u1ee7a <strong data-start=\"915\" data-end=\"953\">m\u1ed9t b\u00e1c s\u0129 khi tr\u1edf th\u00e0nh b\u1ec7nh nh\u00e2n<\/strong><\/p>\n<\/li>\n<li data-start=\"956\" data-end=\"1045\">\n<p data-start=\"958\" data-end=\"1045\">\ud83d\udd4a\ufe0f Nh\u1eefng suy t\u01b0 v\u1ec1 <strong data-start=\"978\" data-end=\"1000\">gi\u1edbi h\u1ea1n c\u1ee7a y h\u1ecdc<\/strong>, s\u1ef1 b\u1ea5t to\u00e0n c\u1ee7a con ng\u01b0\u1eddi v\u00e0 l\u00f2ng tr\u1eafc \u1ea9n<\/p>\n<\/li>\n<li data-start=\"1046\" data-end=\"1124\">\n<p data-start=\"1048\" data-end=\"1124\">\ud83d\udc94 Nh\u1eefng kho\u1ea3nh kh\u1eafc x\u00fac \u0111\u1ed9ng v\u1ec1 t\u00ecnh y\u00eau, gia \u0111\u00ecnh, s\u1ef1 hy sinh v\u00e0 hy v\u1ecdng<\/p>\n<\/li>\n<li data-start=\"1125\" data-end=\"1196\">\n<p data-start=\"1127\" data-end=\"1196\">\ud83d\udd0d Nh\u1eefng c\u00e2u h\u1ecfi tri\u1ebft h\u1ecdc: <em data-start=\"1155\" data-end=\"1194\">&#8220;\u0110i\u1ec1u g\u00ec l\u00e0m cho cu\u1ed9c \u0111\u1eddi \u0111\u00e1ng s\u1ed1ng?&#8221;<\/em><\/p>\n<\/li>\n<li data-start=\"1197\" data-end=\"1273\">\n<p data-start=\"1199\" data-end=\"1273\">\u270d\ufe0f V\u0103n phong tinh t\u1ebf, s\u00e2u l\u1eafng, \u0111\u1ea7y ch\u1ea5t th\u01a1 d\u00f9 vi\u1ebft trong c\u1eadn k\u1ec1 c\u00e1i ch\u1ebft<\/p>\n<\/li>\n<\/ul>\n","protected":false},"excerpt":{"rendered":"<p>T\u00e1c gi\u1ea3 : Paul Kalanithi<br \/>\n\u0110\u1ecbnh d\u1ea1ng : S\u00e1ch n\u00f3i<\/p>\n<p><strong><a href=\"https:\/\/drive.usercontent.google.com\/download?id=1BrRO0Nm8TnxRu7JYh0Dv3cRzvTGdHJou&amp;export=download&amp;authuser=0\">DOWNLOAD<\/a><br \/>\nH\u00e3y t\u00f9y t\u00e2m \u0111\u00f3ng g\u00f3p \u0111\u1ec3 ch\u00fang t\u00f4i c\u00f3 th\u1ec3 ti\u1ebfp t\u1ee5c duy tr\u00ec v\u00e0 ph\u00e1t tri\u1ec3n ho\u1ea1t \u0111\u1ed9ng \u00fd ngh\u0129a n\u00e0y.<\/strong><\/p>\n<p><img decoding=\"async\" src=\"http:\/\/thuvien360.com\/wp-content\/uploads\/2025\/06\/QR-HUNG.jpg\" \/><\/p>\n","protected":false},"featured_media":745,"comment_status":"open","ping_status":"closed","template":"","meta":{"_uag_custom_page_level_css":""},"product_brand":[],"product_cat":[60,63,41],"product_tag":[],"class_list":{"0":"post-744","1":"product","2":"type-product","3":"status-publish","4":"has-post-thumbnail","6":"product_cat-giaotrinh","7":"product_cat-suc-khoe","8":"product_cat-phat-giao","10":"first","11":"instock","12":"downloadable","13":"virtual","14":"sold-individually","15":"product-type-simple"},"uagb_featured_image_src":{"full":["http:\/\/thuvien360.com\/wp-content\/uploads\/2025\/06\/10-372-khi-hoi-tho-hoa-thinh-khong-1.jpg",1200,900,false],"thumbnail":["http:\/\/thuvien360.com\/wp-content\/uploads\/2025\/06\/10-372-khi-hoi-tho-hoa-thinh-khong-1-150x150.jpg",150,150,true],"medium":["http:\/\/thuvien360.com\/wp-content\/uploads\/2025\/06\/10-372-khi-hoi-tho-hoa-thinh-khong-1-300x225.jpg",300,225,true],"medium_large":["http:\/\/thuvien360.com\/wp-content\/uploads\/2025\/06\/10-372-khi-hoi-tho-hoa-thinh-khong-1-768x576.jpg",768,576,true],"large":["http:\/\/thuvien360.com\/wp-content\/uploads\/2025\/06\/10-372-khi-hoi-tho-hoa-thinh-khong-1-1024x768.jpg",1020,765,true],"1536x1536":["http:\/\/thuvien360.com\/wp-content\/uploads\/2025\/06\/10-372-khi-hoi-tho-hoa-thinh-khong-1.jpg",1200,900,false],"2048x2048":["http:\/\/thuvien360.com\/wp-content\/uploads\/2025\/06\/10-372-khi-hoi-tho-hoa-thinh-khong-1.jpg",1200,900,false],"woocommerce_thumbnail":["http:\/\/thuvien360.com\/wp-content\/uploads\/2025\/06\/10-372-khi-hoi-tho-hoa-thinh-khong-1-300x300.jpg",300,300,true],"woocommerce_single":["http:\/\/thuvien360.com\/wp-content\/uploads\/2025\/06\/10-372-khi-hoi-tho-hoa-thinh-khong-1-600x450.jpg",600,450,true],"woocommerce_gallery_thumbnail":["http:\/\/thuvien360.com\/wp-content\/uploads\/2025\/06\/10-372-khi-hoi-tho-hoa-thinh-khong-1-100x100.jpg",100,100,true]},"uagb_author_info":{"display_name":"admin","author_link":"http:\/\/thuvien360.com\/?author=0"},"uagb_comment_info":0,"uagb_excerpt":"T\u00e1c gi\u1ea3 : Paul Kalanithi \u0110\u1ecbnh d\u1ea1ng : S\u00e1ch n\u00f3i DOWNLOAD H\u00e3y t\u00f9y t\u00e2m \u0111\u00f3ng g\u00f3p \u0111\u1ec3 ch\u00fang t\u00f4i c\u00f3 th\u1ec3 ti\u1ebfp t\u1ee5c duy tr\u00ec v\u00e0 ph\u00e1t tri\u1ec3n ho\u1ea1t \u0111\u1ed9ng \u00fd ngh\u0129a n\u00e0y.","_links":{"self":[{"href":"http:\/\/thuvien360.com\/index.php?rest_route=\/wp\/v2\/product\/744","targetHints":{"allow":["GET"]}}],"collection":[{"href":"http:\/\/thuvien360.com\/index.php?rest_route=\/wp\/v2\/product"}],"about":[{"href":"http:\/\/thuvien360.com\/index.php?rest_route=\/wp\/v2\/types\/product"}],"replies":[{"embeddable":true,"href":"http:\/\/thuvien360.com\/index.php?rest_route=%2Fwp%2Fv2%2Fcomments&post=744"}],"wp:featuredmedia":[{"embeddable":true,"href":"http:\/\/thuvien360.com\/index.php?rest_route=\/wp\/v2\/media\/745"}],"wp:attachment":[{"href":"http:\/\/thuvien360.com\/index.php?rest_route=%2Fwp%2Fv2%2Fmedia&parent=744"}],"wp:term":[{"taxonomy":"product_brand","embeddable":true,"href":"http:\/\/thuvien360.com\/index.php?rest_route=%2Fwp%2Fv2%2Fproduct_brand&post=744"},{"taxonomy":"product_cat","embeddable":true,"href":"http:\/\/thuvien360.com\/index.php?rest_route=%2Fwp%2Fv2%2Fproduct_cat&post=744"},{"taxonomy":"product_tag","embeddable":true,"href":"http:\/\/thuvien360.com\/index.php?rest_route=%2Fwp%2Fv2%2Fproduct_tag&post=744"}],"curies":[{"name":"wp","href":"https:\/\/api.w.org\/{rel}","templated":true}]}}