{"id":727,"date":"2025-06-30T02:55:09","date_gmt":"2025-06-30T02:55:09","guid":{"rendered":"http:\/\/thuvien360.com\/?post_type=product&#038;p=727"},"modified":"2025-07-04T07:57:42","modified_gmt":"2025-07-04T07:57:42","slug":"nhan-to-enzyme-3-tre-hoa","status":"publish","type":"product","link":"http:\/\/thuvien360.com\/?product=nhan-to-enzyme-3-tre-hoa","title":{"rendered":"NH\u00c2N T\u1ed0 ENZYME 3 \u2013 TR\u1eba H\u00d3A"},"content":{"rendered":"<h3 data-start=\"205\" data-end=\"244\">\ud83c\udf3f <strong data-start=\"212\" data-end=\"242\">NH\u00c2N T\u1ed0 ENZYME 3 \u2013 TR\u1eba H\u00d3A<\/strong><\/h3>\n<p data-start=\"245\" data-end=\"352\"><strong data-start=\"245\" data-end=\"271\">T\u00e1c gi\u1ea3: Hiromi Shinya<\/strong><br data-start=\"271\" data-end=\"274\" \/><em data-start=\"274\" data-end=\"352\">Kh\u01a1i ngu\u1ed3n s\u1ee9c s\u1ed1ng \u2013 K\u00edch ho\u1ea1t c\u01a1 ch\u1ebf tr\u1ebb h\u00f3a t\u1ef1 nhi\u00ean t\u1eeb b\u00ean trong c\u01a1 th\u1ec3.<\/em><\/p>\n<blockquote data-start=\"354\" data-end=\"467\">\n<p data-start=\"356\" data-end=\"467\">\u201cC\u01a1 th\u1ec3 b\u1ea1n v\u1ed1n d\u0129 c\u00f3 kh\u1ea3 n\u0103ng t\u1ef1 ch\u1eefa l\u00e0nh. V\u1ea5n \u0111\u1ec1 l\u00e0 b\u1ea1n c\u00f3 \u0111\u1ec3 n\u00f3 ho\u1ea1t \u0111\u1ed9ng hay kh\u00f4ng.\u201d<br data-start=\"445\" data-end=\"448\" \/>\u2014 <em data-start=\"452\" data-end=\"467\">Hiromi Shinya<\/em><\/p>\n<\/blockquote>\n<hr data-start=\"469\" data-end=\"472\" \/>\n<p data-start=\"474\" data-end=\"712\">Ti\u1ebfp n\u1ed1i tinh th\u1ea7n \u201ckh\u00f4ng ch\u1eefa b\u1ec7nh, m\u00e0 ng\u0103n b\u1ec7nh t\u1eeb g\u1ed1c\u201d, cu\u1ed1n s\u00e1ch th\u1ee9 ba trong b\u1ed9 \u201cNh\u00e2n T\u1ed1 Enzyme\u201d t\u1eadp trung v\u00e0o <strong data-start=\"590\" data-end=\"636\">ch\u00eca kh\u00f3a tr\u1ebb h\u00f3a c\u01a1 th\u1ec3 m\u1ed9t c\u00e1ch t\u1ef1 nhi\u00ean<\/strong> \u2013 th\u00f4ng qua l\u1ed1i s\u1ed1ng khoa h\u1ecdc, dinh d\u01b0\u1ee1ng s\u1ea1ch v\u00e0 qu\u1ea3n l\u00fd c\u1ea3m x\u00fac hi\u1ec7u qu\u1ea3.<\/p>\n<p data-start=\"714\" data-end=\"937\">T\u00e1c ph\u1ea9m \u0111i s\u00e2u v\u00e0o m\u1ed1i quan h\u1ec7 gi\u1eefa <strong data-start=\"751\" data-end=\"796\">enzyme \u2013 h\u1ec7 mi\u1ec5n d\u1ecbch \u2013 qu\u00e1 tr\u00ecnh l\u00e3o h\u00f3a<\/strong>, \u0111\u1ed3ng th\u1eddi \u0111\u01b0a ra <strong data-start=\"815\" data-end=\"866\">ph\u00e1c \u0111\u1ed3 ch\u0103m s\u00f3c s\u1ee9c kh\u1ecfe v\u00e0 th\u1ea3i \u0111\u1ed9c nh\u1eb9 nh\u00e0ng<\/strong> gi\u00fap c\u01a1 th\u1ec3 kh\u00f4ng ch\u1ec9 kh\u1ecfe h\u01a1n m\u00e0 c\u00f2n <strong data-start=\"905\" data-end=\"937\">t\u01b0\u01a1i tr\u1ebb h\u01a1n theo n\u0103m th\u00e1ng.<\/strong><\/p>\n<hr data-start=\"939\" data-end=\"942\" \/>\n<h3 data-start=\"944\" data-end=\"970\">\ud83c\udf1f Nh\u1eefng \u0111i\u1ec3m n\u1ed5i b\u1eadt:<\/h3>\n<ul data-start=\"971\" data-end=\"1301\">\n<li data-start=\"971\" data-end=\"1030\">\n<p data-start=\"973\" data-end=\"1030\">\ud83e\uddec Gi\u1ea3i m\u00e3 <strong data-start=\"984\" data-end=\"1028\">c\u01a1 ch\u1ebf t\u1ef1 ph\u1ee5c h\u1ed3i v\u00e0 t\u00e1i t\u1ea1o c\u1ee7a t\u1ebf b\u00e0o<\/strong><\/p>\n<\/li>\n<li data-start=\"1031\" data-end=\"1122\">\n<p data-start=\"1033\" data-end=\"1122\">\ud83e\udd57 H\u01b0\u1edbng d\u1eabn th\u1ef1c ti\u1ec5n c\u00e1ch \u0103n \u2013 u\u1ed1ng \u2013 s\u1ed1ng gi\u00fap <strong data-start=\"1083\" data-end=\"1120\">ng\u1eeba l\u00e3o h\u00f3a, ph\u00f2ng b\u1ec7nh m\u1ea1n t\u00ednh<\/strong><\/p>\n<\/li>\n<li data-start=\"1123\" data-end=\"1210\">\n<p data-start=\"1125\" data-end=\"1210\">\ud83d\udca7 Nh\u1ea5n m\u1ea1nh vai tr\u00f2 c\u1ee7a <strong data-start=\"1150\" data-end=\"1208\">n\u01b0\u1edbc s\u1ea1ch, enzyme s\u1ed1ng v\u00e0 th\u00f3i quen sinh ho\u1ea1t \u0111\u00fang gi\u1edd<\/strong><\/p>\n<\/li>\n<li data-start=\"1211\" data-end=\"1301\">\n<p data-start=\"1213\" data-end=\"1301\">\ud83e\uddd8\u200d\u2640\ufe0f G\u1ee3i \u00fd c\u00e1ch c\u00e2n b\u1eb1ng t\u00e2m tr\u00ed, ng\u1ee7 s\u00e2u \u2013 y\u1ebfu t\u1ed1 then ch\u1ed1t trong tr\u1ebb h\u00f3a t\u1eeb b\u00ean trong<\/p>\n<\/li>\n<\/ul>\n","protected":false},"excerpt":{"rendered":"<p>T\u00e1c gi\u1ea3 : Hiromi Shinya<br \/>\n\u0110\u1ecbnh d\u1ea1ng : S\u00e1ch n\u00f3i<\/p>\n<p><strong><a href=\"https:\/\/drive.usercontent.google.com\/download?id=1vi6pqPhguKh4FaQOIWGX2P3OwjkkGWiL&amp;export=download&amp;authuser=0\">DOWNLOAD<\/a><br \/>\nH\u00e3y t\u00f9y t\u00e2m \u0111\u00f3ng g\u00f3p \u0111\u1ec3 ch\u00fang t\u00f4i c\u00f3 th\u1ec3 ti\u1ebfp t\u1ee5c duy tr\u00ec v\u00e0 ph\u00e1t tri\u1ec3n ho\u1ea1t \u0111\u1ed9ng \u00fd ngh\u0129a n\u00e0y.<\/strong><\/p>\n<p><img decoding=\"async\" src=\"http:\/\/thuvien360.com\/wp-content\/uploads\/2025\/06\/QR-HUNG.jpg\" \/><\/p>\n","protected":false},"featured_media":728,"comment_status":"open","ping_status":"closed","template":"","meta":{"_uag_custom_page_level_css":""},"product_brand":[],"product_cat":[60,63],"product_tag":[],"class_list":{"0":"post-727","1":"product","2":"type-product","3":"status-publish","4":"has-post-thumbnail","6":"product_cat-giaotrinh","7":"product_cat-suc-khoe","9":"first","10":"instock","11":"downloadable","12":"virtual","13":"product-type-simple"},"uagb_featured_image_src":{"full":["http:\/\/thuvien360.com\/wp-content\/uploads\/2025\/06\/02-5194-nhan-to-enzyme-3-tre-hoa-1.jpg",1200,900,false],"thumbnail":["http:\/\/thuvien360.com\/wp-content\/uploads\/2025\/06\/02-5194-nhan-to-enzyme-3-tre-hoa-1-150x150.jpg",150,150,true],"medium":["http:\/\/thuvien360.com\/wp-content\/uploads\/2025\/06\/02-5194-nhan-to-enzyme-3-tre-hoa-1-300x225.jpg",300,225,true],"medium_large":["http:\/\/thuvien360.com\/wp-content\/uploads\/2025\/06\/02-5194-nhan-to-enzyme-3-tre-hoa-1-768x576.jpg",768,576,true],"large":["http:\/\/thuvien360.com\/wp-content\/uploads\/2025\/06\/02-5194-nhan-to-enzyme-3-tre-hoa-1-1024x768.jpg",1020,765,true],"1536x1536":["http:\/\/thuvien360.com\/wp-content\/uploads\/2025\/06\/02-5194-nhan-to-enzyme-3-tre-hoa-1.jpg",1200,900,false],"2048x2048":["http:\/\/thuvien360.com\/wp-content\/uploads\/2025\/06\/02-5194-nhan-to-enzyme-3-tre-hoa-1.jpg",1200,900,false],"woocommerce_thumbnail":["http:\/\/thuvien360.com\/wp-content\/uploads\/2025\/06\/02-5194-nhan-to-enzyme-3-tre-hoa-1-300x300.jpg",300,300,true],"woocommerce_single":["http:\/\/thuvien360.com\/wp-content\/uploads\/2025\/06\/02-5194-nhan-to-enzyme-3-tre-hoa-1-600x450.jpg",600,450,true],"woocommerce_gallery_thumbnail":["http:\/\/thuvien360.com\/wp-content\/uploads\/2025\/06\/02-5194-nhan-to-enzyme-3-tre-hoa-1-100x100.jpg",100,100,true]},"uagb_author_info":{"display_name":"admin","author_link":"http:\/\/thuvien360.com\/?author=0"},"uagb_comment_info":0,"uagb_excerpt":"T\u00e1c gi\u1ea3 : Hiromi Shinya \u0110\u1ecbnh d\u1ea1ng : S\u00e1ch n\u00f3i DOWNLOAD H\u00e3y t\u00f9y t\u00e2m \u0111\u00f3ng g\u00f3p \u0111\u1ec3 ch\u00fang t\u00f4i c\u00f3 th\u1ec3 ti\u1ebfp t\u1ee5c duy tr\u00ec v\u00e0 ph\u00e1t tri\u1ec3n ho\u1ea1t \u0111\u1ed9ng \u00fd ngh\u0129a n\u00e0y.","_links":{"self":[{"href":"http:\/\/thuvien360.com\/index.php?rest_route=\/wp\/v2\/product\/727","targetHints":{"allow":["GET"]}}],"collection":[{"href":"http:\/\/thuvien360.com\/index.php?rest_route=\/wp\/v2\/product"}],"about":[{"href":"http:\/\/thuvien360.com\/index.php?rest_route=\/wp\/v2\/types\/product"}],"replies":[{"embeddable":true,"href":"http:\/\/thuvien360.com\/index.php?rest_route=%2Fwp%2Fv2%2Fcomments&post=727"}],"wp:featuredmedia":[{"embeddable":true,"href":"http:\/\/thuvien360.com\/index.php?rest_route=\/wp\/v2\/media\/728"}],"wp:attachment":[{"href":"http:\/\/thuvien360.com\/index.php?rest_route=%2Fwp%2Fv2%2Fmedia&parent=727"}],"wp:term":[{"taxonomy":"product_brand","embeddable":true,"href":"http:\/\/thuvien360.com\/index.php?rest_route=%2Fwp%2Fv2%2Fproduct_brand&post=727"},{"taxonomy":"product_cat","embeddable":true,"href":"http:\/\/thuvien360.com\/index.php?rest_route=%2Fwp%2Fv2%2Fproduct_cat&post=727"},{"taxonomy":"product_tag","embeddable":true,"href":"http:\/\/thuvien360.com\/index.php?rest_route=%2Fwp%2Fv2%2Fproduct_tag&post=727"}],"curies":[{"name":"wp","href":"https:\/\/api.w.org\/{rel}","templated":true}]}}