{"id":716,"date":"2025-06-30T02:46:47","date_gmt":"2025-06-30T02:46:47","guid":{"rendered":"http:\/\/thuvien360.com\/?post_type=product&#038;p=716"},"modified":"2025-07-04T08:02:06","modified_gmt":"2025-07-04T08:02:06","slug":"newton-va-qua-tao-roi","status":"publish","type":"product","link":"http:\/\/thuvien360.com\/?product=newton-va-qua-tao-roi","title":{"rendered":"NEWTON V\u00c0 QU\u1ea2 T\u00c1O R\u01a0I"},"content":{"rendered":"<h3 data-start=\"230\" data-end=\"264\">\ud83c\udf4e <strong data-start=\"237\" data-end=\"262\">NEWTON V\u00c0 QU\u1ea2 T\u00c1O R\u01a0I<\/strong><\/h3>\n<p data-start=\"265\" data-end=\"412\"><strong data-start=\"265\" data-end=\"293\">T\u00e1c gi\u1ea3: Kjartan Poskitt<\/strong><br data-start=\"293\" data-end=\"296\" \/><em data-start=\"296\" data-end=\"412\">Cu\u1ed1n s\u00e1ch khoa h\u1ecdc th\u00fa v\u1ecb d\u00e0nh cho c\u00e1c b\u1ea1n nh\u1ecf t\u00f2 m\u00f2: T\u1ea1i sao qu\u1ea3 t\u00e1o r\u01a1i? V\u00e0 \u0111i\u1ec1u \u0111\u00f3 \u0111\u00e3 thay \u0111\u1ed5i th\u1ebf gi\u1edbi ra sao?<\/em><\/p>\n<blockquote data-start=\"414\" data-end=\"461\">\n<p data-start=\"416\" data-end=\"461\">\u201cCh\u1ec9 m\u1ed9t c\u00fa r\u01a1i \u2013 v\u00e0 c\u1ea3 v\u0169 tr\u1ee5 \u0111\u01b0\u1ee3c gi\u1ea3i m\u00e3.\u201d<\/p>\n<\/blockquote>\n<hr data-start=\"463\" data-end=\"466\" \/>\n<p data-start=\"468\" data-end=\"681\">Cu\u1ed1n s\u00e1ch thu\u1ed9c b\u1ed9 <strong data-start=\"487\" data-end=\"521\">\u201cNh\u1eefng Nh\u00e0 Khoa H\u1ecdc Si\u00eau Ph\u00e0m\u201d<\/strong>, \u0111\u01b0\u1ee3c vi\u1ebft b\u1edfi <strong data-start=\"537\" data-end=\"556\">Kjartan Poskitt<\/strong> \u2013 t\u00e1c gi\u1ea3 n\u1ed5i ti\u1ebfng ng\u01b0\u1eddi Anh v\u1edbi phong c\u00e1ch h\u00e0i h\u01b0\u1edbc, d\u00ed d\u1ecfm, gi\u00fap tr\u1ebb em kh\u00e1m ph\u00e1 khoa h\u1ecdc qua nh\u1eefng c\u00e2u chuy\u1ec7n s\u1ed1ng \u0111\u1ed9ng.<\/p>\n<p data-start=\"683\" data-end=\"981\"><strong data-start=\"683\" data-end=\"710\">\u201cNewton v\u00e0 Qu\u1ea3 T\u00e1o R\u01a1i\u201d<\/strong> kh\u00f4ng ch\u1ec9 k\u1ec3 l\u1ea1i <strong data-start=\"728\" data-end=\"769\">cu\u1ed9c \u0111\u1eddi c\u1ee7a nh\u00e0 b\u00e1c h\u1ecdc Isaac Newton<\/strong> m\u00e0 c\u00f2n kh\u00e9o l\u00e9o l\u1ed3ng gh\u00e9p nh\u1eefng kh\u00e1i ni\u1ec7m <strong data-start=\"812\" data-end=\"831\">v\u1eadt l\u00fd ph\u1ee9c t\u1ea1p<\/strong> nh\u01b0 l\u1ef1c h\u1ea5p d\u1eabn, chuy\u1ec3n \u0111\u1ed9ng, qu\u00e1n t\u00ednh\u2026 b\u1eb1ng <strong data-start=\"878\" data-end=\"921\">h\u00ecnh \u1ea3nh minh h\u1ecda, truy\u1ec7n tranh, \u0111\u1ed1 vui<\/strong> v\u00e0 r\u1ea5t nhi\u1ec1u chi ti\u1ebft th\u00fa v\u1ecb gi\u00fap tr\u1ebb <strong data-start=\"960\" data-end=\"980\">v\u1eeba h\u1ecdc v\u1eeba c\u01b0\u1eddi<\/strong>.<\/p>\n<hr data-start=\"983\" data-end=\"986\" \/>\n<h3 data-start=\"988\" data-end=\"1008\">\ud83c\udf1f \u0110i\u1ec3m n\u1ed5i b\u1eadt:<\/h3>\n<ul data-start=\"1009\" data-end=\"1278\">\n<li data-start=\"1009\" data-end=\"1070\">\n<p data-start=\"1011\" data-end=\"1070\">\ud83c\udfa8 Tr\u00ecnh b\u00e0y sinh \u0111\u1ed9ng, c\u00f3 h\u00ecnh minh h\u1ecda b\u1eaft m\u1eaft, d\u1ec5 hi\u1ec3u<\/p>\n<\/li>\n<li data-start=\"1071\" data-end=\"1132\">\n<p data-start=\"1073\" data-end=\"1132\">\ud83e\udd39 K\u1ebft h\u1ee3p gi\u1eefa <strong data-start=\"1089\" data-end=\"1130\">ki\u1ebfn th\u1ee9c khoa h\u1ecdc v\u00e0 y\u1ebfu t\u1ed1 h\u00e0i h\u01b0\u1edbc<\/strong><\/p>\n<\/li>\n<li data-start=\"1133\" data-end=\"1203\">\n<p data-start=\"1135\" data-end=\"1203\">\ud83e\uddf2 Gi\u1ea3i th\u00edch c\u00e1c \u0111\u1ecbnh lu\u1eadt v\u1eadt l\u00fd <strong data-start=\"1170\" data-end=\"1201\">b\u1eb1ng v\u00ed d\u1ee5 g\u1ea7n g\u0169i \u0111\u1eddi s\u1ed1ng<\/strong><\/p>\n<\/li>\n<li data-start=\"1204\" data-end=\"1278\">\n<p data-start=\"1206\" data-end=\"1278\">\ud83d\udc66 Ph\u00f9 h\u1ee3p cho tr\u1ebb t\u1eeb 9\u201314 tu\u1ed5i, \u0111\u1eb7c bi\u1ec7t l\u00e0 h\u1ecdc sinh y\u00eau th\u00edch kh\u00e1m ph\u00e1<\/p>\n<\/li>\n<\/ul>\n","protected":false},"excerpt":{"rendered":"<p>T\u00e1c gi\u1ea3 : Kjartan Poskitt<br \/>\n\u0110\u1ecbnh d\u1ea1ng : S\u00e1ch n\u00f3i<\/p>\n<p><strong><a href=\"https:\/\/drive.usercontent.google.com\/download?id=1qpXbe2QdNg-UxTajmrC8yp3thfBvZAfu&amp;export=download&amp;authuser=0\">DOWNLOAD<\/a><br \/>\nH\u00e3y t\u00f9y t\u00e2m \u0111\u00f3ng g\u00f3p \u0111\u1ec3 ch\u00fang t\u00f4i c\u00f3 th\u1ec3 ti\u1ebfp t\u1ee5c duy tr\u00ec v\u00e0 ph\u00e1t tri\u1ec3n ho\u1ea1t \u0111\u1ed9ng \u00fd ngh\u0129a n\u00e0y.<\/strong><\/p>\n<p><img decoding=\"async\" src=\"http:\/\/thuvien360.com\/wp-content\/uploads\/2025\/06\/QR-HUNG.jpg\" \/><\/p>\n","protected":false},"featured_media":717,"comment_status":"open","ping_status":"closed","template":"","meta":{"_uag_custom_page_level_css":""},"product_brand":[],"product_cat":[15],"product_tag":[],"class_list":{"0":"post-716","1":"product","2":"type-product","3":"status-publish","4":"has-post-thumbnail","6":"product_cat-chua-phan-loai","8":"first","9":"instock","10":"downloadable","11":"virtual","12":"product-type-simple"},"uagb_featured_image_src":{"full":["http:\/\/thuvien360.com\/wp-content\/uploads\/2025\/06\/20-5438-newton-va-qua-tao-roi-1.jpg",1200,900,false],"thumbnail":["http:\/\/thuvien360.com\/wp-content\/uploads\/2025\/06\/20-5438-newton-va-qua-tao-roi-1-150x150.jpg",150,150,true],"medium":["http:\/\/thuvien360.com\/wp-content\/uploads\/2025\/06\/20-5438-newton-va-qua-tao-roi-1-300x225.jpg",300,225,true],"medium_large":["http:\/\/thuvien360.com\/wp-content\/uploads\/2025\/06\/20-5438-newton-va-qua-tao-roi-1-768x576.jpg",768,576,true],"large":["http:\/\/thuvien360.com\/wp-content\/uploads\/2025\/06\/20-5438-newton-va-qua-tao-roi-1-1024x768.jpg",1020,765,true],"1536x1536":["http:\/\/thuvien360.com\/wp-content\/uploads\/2025\/06\/20-5438-newton-va-qua-tao-roi-1.jpg",1200,900,false],"2048x2048":["http:\/\/thuvien360.com\/wp-content\/uploads\/2025\/06\/20-5438-newton-va-qua-tao-roi-1.jpg",1200,900,false],"woocommerce_thumbnail":["http:\/\/thuvien360.com\/wp-content\/uploads\/2025\/06\/20-5438-newton-va-qua-tao-roi-1-300x300.jpg",300,300,true],"woocommerce_single":["http:\/\/thuvien360.com\/wp-content\/uploads\/2025\/06\/20-5438-newton-va-qua-tao-roi-1-600x450.jpg",600,450,true],"woocommerce_gallery_thumbnail":["http:\/\/thuvien360.com\/wp-content\/uploads\/2025\/06\/20-5438-newton-va-qua-tao-roi-1-100x100.jpg",100,100,true]},"uagb_author_info":{"display_name":"admin","author_link":"http:\/\/thuvien360.com\/?author=0"},"uagb_comment_info":0,"uagb_excerpt":"T\u00e1c gi\u1ea3 : Kjartan Poskitt \u0110\u1ecbnh d\u1ea1ng : S\u00e1ch n\u00f3i DOWNLOAD H\u00e3y t\u00f9y t\u00e2m \u0111\u00f3ng g\u00f3p \u0111\u1ec3 ch\u00fang t\u00f4i c\u00f3 th\u1ec3 ti\u1ebfp t\u1ee5c duy tr\u00ec v\u00e0 ph\u00e1t tri\u1ec3n ho\u1ea1t \u0111\u1ed9ng \u00fd ngh\u0129a n\u00e0y.","_links":{"self":[{"href":"http:\/\/thuvien360.com\/index.php?rest_route=\/wp\/v2\/product\/716","targetHints":{"allow":["GET"]}}],"collection":[{"href":"http:\/\/thuvien360.com\/index.php?rest_route=\/wp\/v2\/product"}],"about":[{"href":"http:\/\/thuvien360.com\/index.php?rest_route=\/wp\/v2\/types\/product"}],"replies":[{"embeddable":true,"href":"http:\/\/thuvien360.com\/index.php?rest_route=%2Fwp%2Fv2%2Fcomments&post=716"}],"wp:featuredmedia":[{"embeddable":true,"href":"http:\/\/thuvien360.com\/index.php?rest_route=\/wp\/v2\/media\/717"}],"wp:attachment":[{"href":"http:\/\/thuvien360.com\/index.php?rest_route=%2Fwp%2Fv2%2Fmedia&parent=716"}],"wp:term":[{"taxonomy":"product_brand","embeddable":true,"href":"http:\/\/thuvien360.com\/index.php?rest_route=%2Fwp%2Fv2%2Fproduct_brand&post=716"},{"taxonomy":"product_cat","embeddable":true,"href":"http:\/\/thuvien360.com\/index.php?rest_route=%2Fwp%2Fv2%2Fproduct_cat&post=716"},{"taxonomy":"product_tag","embeddable":true,"href":"http:\/\/thuvien360.com\/index.php?rest_route=%2Fwp%2Fv2%2Fproduct_tag&post=716"}],"curies":[{"name":"wp","href":"https:\/\/api.w.org\/{rel}","templated":true}]}}