{"id":700,"date":"2025-06-30T02:33:24","date_gmt":"2025-06-30T02:33:24","guid":{"rendered":"http:\/\/thuvien360.com\/?post_type=product&#038;p=700"},"modified":"2025-07-04T07:35:27","modified_gmt":"2025-07-04T07:35:27","slug":"ke-chuyen-lich-su-viet-nam-thoi-hung-vuong","status":"publish","type":"product","link":"http:\/\/thuvien360.com\/?product=ke-chuyen-lich-su-viet-nam-thoi-hung-vuong","title":{"rendered":"K\u1ec2 CHUY\u1ec6N L\u1ecaCH S\u1eec VI\u1ec6T NAM TH\u1edcI H\u00d9NG V\u01af\u01a0NG"},"content":{"rendered":"<h3 data-start=\"220\" data-end=\"276\">\ud83c\udfde\ufe0f <strong data-start=\"228\" data-end=\"274\">K\u1ec2 CHUY\u1ec6N L\u1ecaCH S\u1eec VI\u1ec6T NAM TH\u1edcI H\u00d9NG V\u01af\u01a0NG<\/strong><\/h3>\n<p data-start=\"277\" data-end=\"407\"><strong data-start=\"277\" data-end=\"307\">T\u00e1c gi\u1ea3: Ph\u1ea1m Tr\u01b0\u1eddng Khang<\/strong><br data-start=\"307\" data-end=\"310\" \/><em data-start=\"310\" data-end=\"407\">H\u00e0nh tr\u00ecnh ng\u01b0\u1ee3c d\u00f2ng v\u1ec1 c\u1ed9i ngu\u1ed3n d\u00e2n t\u1ed9c \u2013 n\u01a1i nh\u1eefng huy\u1ec1n tho\u1ea1i v\u00e0 s\u1ef1 th\u1eadt l\u1ecbch s\u1eed giao h\u00f2a.<\/em><\/p>\n<blockquote data-start=\"409\" data-end=\"499\">\n<p data-start=\"411\" data-end=\"499\">\u201cMu\u1ed1n bi\u1ebft n\u01b0\u1edbc Nam ta t\u1eeb \u0111\u00e2u m\u00e0 c\u00f3, h\u00e3y b\u1eaft \u0111\u1ea7u t\u1eeb th\u1eddi H\u00f9ng V\u01b0\u01a1ng d\u1ef1ng n\u01b0\u1edbc V\u0103n Lang.\u201d<\/p>\n<\/blockquote>\n<hr data-start=\"501\" data-end=\"504\" \/>\n<p data-start=\"506\" data-end=\"814\">Cu\u1ed1n s\u00e1ch <strong data-start=\"516\" data-end=\"564\">\u201cK\u1ec3 Chuy\u1ec7n L\u1ecbch S\u1eed Vi\u1ec7t Nam Th\u1eddi H\u00f9ng V\u01b0\u01a1ng\u201d<\/strong> t\u00e1i hi\u1ec7n m\u1ed9t c\u00e1ch sinh \u0111\u1ed9ng, h\u1ea5p d\u1eabn v\u00e0 g\u1ea7n g\u0169i th\u1eddi k\u1ef3 <strong data-start=\"621\" data-end=\"658\">s\u01a1 khai nh\u1ea5t c\u1ee7a d\u00e2n t\u1ed9c Vi\u1ec7t Nam<\/strong>, t\u1eeb <strong data-start=\"663\" data-end=\"703\">vua H\u00f9ng \u0111\u1ea7u ti\u00ean d\u1ef1ng n\u01b0\u1edbc V\u0103n Lang<\/strong> cho \u0111\u1ebfn c\u00e1c truy\u1ec1n thuy\u1ebft quen thu\u1ed9c nh\u01b0 <strong data-start=\"745\" data-end=\"769\">S\u01a1n Tinh \u2013 Th\u1ee7y Tinh<\/strong>, <strong data-start=\"771\" data-end=\"786\">Th\u00e1nh Gi\u00f3ng<\/strong>, <strong data-start=\"788\" data-end=\"813\">L\u1ea1c Long Qu\u00e2n \u2013 \u00c2u C\u01a1<\/strong>\u2026<\/p>\n<p data-start=\"816\" data-end=\"1023\">Thay v\u00ec kh\u00f4 khan nh\u01b0 s\u00e1ch gi\u00e1o khoa, t\u00e1c gi\u1ea3 s\u1eed d\u1ee5ng l\u1ed1i k\u1ec3 chuy\u1ec7n truy\u1ec1n c\u1ea3m, ng\u00f4n t\u1eeb gi\u1ea3n d\u1ecb nh\u01b0ng s\u00fac t\u00edch, gi\u00fap ng\u01b0\u1eddi \u0111\u1ecdc <strong data-start=\"942\" data-end=\"1023\">v\u1eeba gi\u1ea3i tr\u00ed, v\u1eeba ghi nh\u1edb, v\u1eeba th\u1ea5m \u0111\u1eabm tinh th\u1ea7n y\u00eau n\u01b0\u1edbc v\u00e0 t\u1ef1 h\u00e0o d\u00e2n t\u1ed9c.<\/strong><\/p>\n<hr data-start=\"1025\" data-end=\"1028\" \/>\n<h3 data-start=\"1030\" data-end=\"1050\">\ud83d\udcda \u0110i\u1ec3m n\u1ed5i b\u1eadt:<\/h3>\n<ul data-start=\"1051\" data-end=\"1392\">\n<li data-start=\"1051\" data-end=\"1123\">\n<p data-start=\"1053\" data-end=\"1123\">\ud83d\udc51 G\u1eafn li\u1ec1n v\u1edbi <strong data-start=\"1069\" data-end=\"1121\">huy\u1ec1n tho\u1ea1i H\u00f9ng V\u01b0\u01a1ng v\u00e0 ngu\u1ed3n g\u1ed1c d\u00e2n t\u1ed9c Vi\u1ec7t<\/strong><\/p>\n<\/li>\n<li data-start=\"1124\" data-end=\"1212\">\n<p data-start=\"1126\" data-end=\"1212\">\u270d\ufe0f V\u0103n phong k\u1ec3 chuy\u1ec7n nh\u1eb9 nh\u00e0ng, d\u1ec5 ti\u1ebfp c\u1eadn, ph\u00f9 h\u1ee3p v\u1edbi c\u1ea3 thi\u1ebfu nhi v\u00e0 ng\u01b0\u1eddi l\u1edbn<\/p>\n<\/li>\n<li data-start=\"1213\" data-end=\"1309\">\n<p data-start=\"1215\" data-end=\"1309\">\ud83c\udf31 Gi\u00fap \u0111\u1ed9c gi\u1ea3 <strong data-start=\"1231\" data-end=\"1279\">c\u1ea3m nh\u1eadn l\u1ecbch s\u1eed nh\u01b0 m\u1ed9t d\u00f2ng ch\u1ea3y s\u1ed1ng \u0111\u1ed9ng<\/strong>, thay v\u00ec ch\u1ec9 l\u00e0 m\u1ed1c s\u1ef1 ki\u1ec7n<\/p>\n<\/li>\n<li data-start=\"1310\" data-end=\"1392\">\n<p data-start=\"1312\" data-end=\"1392\">\ud83d\udcd6 Ph\u00f9 h\u1ee3p l\u00e0m <strong data-start=\"1327\" data-end=\"1392\">t\u00e0i li\u1ec7u ngo\u1ea1i kh\u00f3a, s\u00e1ch n\u00f3i, ch\u01b0\u01a1ng tr\u00ecnh l\u1ecbch s\u1eed thi\u1ebfu nhi<\/strong><\/p>\n<\/li>\n<\/ul>\n","protected":false},"excerpt":{"rendered":"<p>T\u00e1c gi\u1ea3 : Ph\u1ea1m Tr\u01b0\u1eddng Khang<br \/>\n\u0110\u1ecbnh d\u1ea1ng : S\u00e1ch n\u00f3i<\/p>\n<p><strong><a href=\"https:\/\/drive.usercontent.google.com\/download?id=1rkr1cOlYl4jc06bVXAVAoEHU-VksZcc7&amp;export=download&amp;authuser=0\">DOWNLOAD<\/a><br \/>\nH\u00e3y t\u00f9y t\u00e2m \u0111\u00f3ng g\u00f3p \u0111\u1ec3 ch\u00fang t\u00f4i c\u00f3 th\u1ec3 ti\u1ebfp t\u1ee5c duy tr\u00ec v\u00e0 ph\u00e1t tri\u1ec3n ho\u1ea1t \u0111\u1ed9ng \u00fd ngh\u0129a n\u00e0y.<\/strong><\/p>\n<p><img decoding=\"async\" src=\"http:\/\/thuvien360.com\/wp-content\/uploads\/2025\/06\/QR-HUNG.jpg\" \/><\/p>\n","protected":false},"featured_media":701,"comment_status":"open","ping_status":"closed","template":"","meta":{"_uag_custom_page_level_css":""},"product_brand":[],"product_cat":[58],"product_tag":[],"class_list":{"0":"post-700","1":"product","2":"type-product","3":"status-publish","4":"has-post-thumbnail","6":"product_cat-lichsu-vietnam","8":"first","9":"instock","10":"downloadable","11":"virtual","12":"sold-individually","13":"product-type-simple"},"uagb_featured_image_src":{"full":["http:\/\/thuvien360.com\/wp-content\/uploads\/2025\/06\/12-7195-ke-chuyen-lich-su-viet-nam-thoi-hung-vuong-1.jpg",1200,900,false],"thumbnail":["http:\/\/thuvien360.com\/wp-content\/uploads\/2025\/06\/12-7195-ke-chuyen-lich-su-viet-nam-thoi-hung-vuong-1-150x150.jpg",150,150,true],"medium":["http:\/\/thuvien360.com\/wp-content\/uploads\/2025\/06\/12-7195-ke-chuyen-lich-su-viet-nam-thoi-hung-vuong-1-300x225.jpg",300,225,true],"medium_large":["http:\/\/thuvien360.com\/wp-content\/uploads\/2025\/06\/12-7195-ke-chuyen-lich-su-viet-nam-thoi-hung-vuong-1-768x576.jpg",768,576,true],"large":["http:\/\/thuvien360.com\/wp-content\/uploads\/2025\/06\/12-7195-ke-chuyen-lich-su-viet-nam-thoi-hung-vuong-1-1024x768.jpg",1020,765,true],"1536x1536":["http:\/\/thuvien360.com\/wp-content\/uploads\/2025\/06\/12-7195-ke-chuyen-lich-su-viet-nam-thoi-hung-vuong-1.jpg",1200,900,false],"2048x2048":["http:\/\/thuvien360.com\/wp-content\/uploads\/2025\/06\/12-7195-ke-chuyen-lich-su-viet-nam-thoi-hung-vuong-1.jpg",1200,900,false],"woocommerce_thumbnail":["http:\/\/thuvien360.com\/wp-content\/uploads\/2025\/06\/12-7195-ke-chuyen-lich-su-viet-nam-thoi-hung-vuong-1-300x300.jpg",300,300,true],"woocommerce_single":["http:\/\/thuvien360.com\/wp-content\/uploads\/2025\/06\/12-7195-ke-chuyen-lich-su-viet-nam-thoi-hung-vuong-1-600x450.jpg",600,450,true],"woocommerce_gallery_thumbnail":["http:\/\/thuvien360.com\/wp-content\/uploads\/2025\/06\/12-7195-ke-chuyen-lich-su-viet-nam-thoi-hung-vuong-1-100x100.jpg",100,100,true]},"uagb_author_info":{"display_name":"admin","author_link":"http:\/\/thuvien360.com\/?author=0"},"uagb_comment_info":0,"uagb_excerpt":"T\u00e1c gi\u1ea3 : Ph\u1ea1m Tr\u01b0\u1eddng Khang \u0110\u1ecbnh d\u1ea1ng : S\u00e1ch n\u00f3i DOWNLOAD H\u00e3y t\u00f9y t\u00e2m \u0111\u00f3ng g\u00f3p \u0111\u1ec3 ch\u00fang t\u00f4i c\u00f3 th\u1ec3 ti\u1ebfp t\u1ee5c duy tr\u00ec v\u00e0 ph\u00e1t tri\u1ec3n ho\u1ea1t \u0111\u1ed9ng \u00fd ngh\u0129a n\u00e0y.","_links":{"self":[{"href":"http:\/\/thuvien360.com\/index.php?rest_route=\/wp\/v2\/product\/700","targetHints":{"allow":["GET"]}}],"collection":[{"href":"http:\/\/thuvien360.com\/index.php?rest_route=\/wp\/v2\/product"}],"about":[{"href":"http:\/\/thuvien360.com\/index.php?rest_route=\/wp\/v2\/types\/product"}],"replies":[{"embeddable":true,"href":"http:\/\/thuvien360.com\/index.php?rest_route=%2Fwp%2Fv2%2Fcomments&post=700"}],"wp:featuredmedia":[{"embeddable":true,"href":"http:\/\/thuvien360.com\/index.php?rest_route=\/wp\/v2\/media\/701"}],"wp:attachment":[{"href":"http:\/\/thuvien360.com\/index.php?rest_route=%2Fwp%2Fv2%2Fmedia&parent=700"}],"wp:term":[{"taxonomy":"product_brand","embeddable":true,"href":"http:\/\/thuvien360.com\/index.php?rest_route=%2Fwp%2Fv2%2Fproduct_brand&post=700"},{"taxonomy":"product_cat","embeddable":true,"href":"http:\/\/thuvien360.com\/index.php?rest_route=%2Fwp%2Fv2%2Fproduct_cat&post=700"},{"taxonomy":"product_tag","embeddable":true,"href":"http:\/\/thuvien360.com\/index.php?rest_route=%2Fwp%2Fv2%2Fproduct_tag&post=700"}],"curies":[{"name":"wp","href":"https:\/\/api.w.org\/{rel}","templated":true}]}}