{"id":692,"date":"2025-06-30T02:27:22","date_gmt":"2025-06-30T02:27:22","guid":{"rendered":"http:\/\/thuvien360.com\/?post_type=product&#038;p=692"},"modified":"2025-07-04T07:49:16","modified_gmt":"2025-07-04T07:49:16","slug":"hoi-ky-son-nam-toan-tap","status":"publish","type":"product","link":"http:\/\/thuvien360.com\/?product=hoi-ky-son-nam-toan-tap","title":{"rendered":"H\u1ed2I K\u00dd S\u01a0N NAM TO\u00c0N T\u1eacP"},"content":{"rendered":"<h3 data-start=\"236\" data-end=\"272\">\ud83d\udcd8 <strong data-start=\"243\" data-end=\"270\">H\u1ed2I K\u00dd S\u01a0N NAM TO\u00c0N T\u1eacP<\/strong><\/h3>\n<p data-start=\"273\" data-end=\"423\"><strong data-start=\"273\" data-end=\"293\">T\u00e1c gi\u1ea3: S\u01a1n Nam<\/strong><br data-start=\"293\" data-end=\"296\" \/><em data-start=\"296\" data-end=\"423\">T\u1eadp h\u1ee3p nh\u1eefng h\u1ed3i \u1ee9c ch\u00e2n th\u1eadt, gi\u00e0u gi\u00e1 tr\u1ecb l\u1ecbch s\u1eed \u2013 v\u0103n h\u00f3a \u2013 con ng\u01b0\u1eddi mi\u1ec1n Nam qua c\u00e1i nh\u00ecn c\u1ee7a m\u1ed9t ch\u1ee9ng nh\u00e2n th\u1eddi \u0111\u1ea1i.<\/em><\/p>\n<blockquote data-start=\"425\" data-end=\"566\">\n<p data-start=\"427\" data-end=\"566\"><strong data-start=\"427\" data-end=\"566\">\u201cS\u01a1n Nam kh\u00f4ng ch\u1ec9 vi\u1ebft h\u1ed3i k\u00fd \u2013 \u00f4ng \u0111ang k\u1ec3 l\u1ea1i l\u1ecbch s\u1eed b\u1eb1ng gi\u1ecdng c\u1ee7a m\u1ed9t ng\u01b0\u1eddi t\u1eebng s\u1ed1ng v\u00e0 t\u1eebng th\u01b0\u01a1ng y\u00eau t\u1eebng t\u1ea5c \u0111\u1ea5t qu\u00ea h\u01b0\u01a1ng.\u201d<\/strong><\/p>\n<\/blockquote>\n<hr data-start=\"568\" data-end=\"571\" \/>\n<p data-start=\"573\" data-end=\"824\"><strong data-start=\"573\" data-end=\"602\">\u201cH\u1ed3i k\u00fd S\u01a1n Nam to\u00e0n t\u1eadp\u201d<\/strong> l\u00e0 s\u1ef1 t\u1ed5ng h\u00f2a nh\u1eefng t\u00e1c ph\u1ea9m h\u1ed3i k\u00fd tr\u1ea3i d\u00e0i theo n\u0103m th\u00e1ng, \u0111\u01b0\u1ee3c nh\u00e0 v\u0103n ghi l\u1ea1i t\u1eeb nh\u1eefng tr\u1ea3i nghi\u1ec7m c\u00e1 nh\u00e2n xuy\u00ean su\u1ed1t th\u1ebf k\u1ef7 20: t\u1eeb th\u1eddi Ph\u00e1p thu\u1ed9c, kh\u00e1ng chi\u1ebfn ch\u1ed1ng Ph\u00e1p, ch\u1ed1ng M\u1ef9, cho \u0111\u1ebfn th\u1eddi k\u1ef3 h\u00f2a b\u00ecnh l\u1eadp l\u1ea1i.<\/p>\n<p data-start=\"826\" data-end=\"1131\">V\u1edbi <strong data-start=\"830\" data-end=\"873\">gi\u1ecdng v\u0103n m\u1ed9c m\u1ea1c, d\u00ed d\u1ecfm nh\u01b0ng s\u00e2u s\u1eafc<\/strong>, S\u01a1n Nam kh\u00f4ng ch\u1ec9 k\u1ec3 chuy\u1ec7n \u0111\u1eddi m\u00ecnh m\u00e0 c\u00f2n t\u00e1i hi\u1ec7n <strong data-start=\"928\" data-end=\"998\">c\u1ea3 m\u1ed9t Nam B\u1ed9 tr\u00f9 ph\u00fa, ngh\u0129a t\u00ecnh, c\u00f3 chi\u1ec1u s\u00e2u l\u1ecbch s\u1eed v\u00e0 v\u0103n h\u00f3a<\/strong>. M\u1ed7i trang s\u00e1ch l\u00e0 m\u1ed9t m\u1ea3nh gh\u00e9p c\u1ee7a v\u00f9ng \u0111\u1ea5t ph\u01b0\u01a1ng Nam \u2013 n\u01a1i ng\u01b0\u1eddi d\u00e2n s\u1ed1ng v\u1edbi kh\u00ed ph\u00e1ch, l\u00f2ng trung ngh\u0129a v\u00e0 b\u1ea3n s\u1eafc ri\u00eang bi\u1ec7t.<\/p>\n<hr data-start=\"1133\" data-end=\"1136\" \/>\n<h3 data-start=\"1138\" data-end=\"1166\">\ud83c\udf3e Nh\u1eefng \u0111i\u1ec3m n\u1ed5i b\u1eadt:<\/h3>\n<ul data-start=\"1167\" data-end=\"1554\">\n<li data-start=\"1167\" data-end=\"1273\">\n<p data-start=\"1169\" data-end=\"1273\">\ud83d\udcdc L\u00e0 <strong data-start=\"1175\" data-end=\"1226\">b\u1ea3n h\u1ed3i k\u00fd s\u1ed1ng \u0111\u1ed9ng c\u1ee7a m\u1ed9t nh\u00e2n ch\u1ee9ng l\u1ecbch s\u1eed<\/strong>, ng\u01b0\u1eddi v\u1eeba l\u00e0 nh\u00e0 v\u0103n, v\u1eeba l\u00e0 nh\u00e0 nghi\u00ean c\u1ee9u<\/p>\n<\/li>\n<li data-start=\"1274\" data-end=\"1367\">\n<p data-start=\"1276\" data-end=\"1367\">\ud83e\udded Ghi ch\u00e9p phong ph\u00fa v\u1ec1 <strong data-start=\"1301\" data-end=\"1365\">\u0111\u1ecba l\u00fd \u2013 con ng\u01b0\u1eddi \u2013 phong t\u1ee5c t\u1eadp qu\u00e1n \u2013 tinh th\u1ea7n mi\u1ec1n Nam<\/strong><\/p>\n<\/li>\n<li data-start=\"1368\" data-end=\"1480\">\n<p data-start=\"1370\" data-end=\"1480\">\ud83d\udcda L\u00e0 kho t\u01b0 li\u1ec7u qu\u00fd gi\u00e1 cho ng\u01b0\u1eddi nghi\u00ean c\u1ee9u <strong data-start=\"1417\" data-end=\"1478\">v\u0103n h\u00f3a \u2013 x\u00e3 h\u1ed9i \u2013 chi\u1ebfn tranh v\u00e0 l\u1ecbch s\u1eed v\u00f9ng \u0111\u1ea5t Nam B\u1ed9<\/strong><\/p>\n<\/li>\n<li data-start=\"1481\" data-end=\"1554\">\n<p data-start=\"1483\" data-end=\"1554\">\ud83d\udd8b V\u0103n phong g\u1ea7n g\u0169i, \u0111\u1eadm ch\u1ea5t <strong data-start=\"1514\" data-end=\"1530\">\u201cNam B\u1ed9 h\u1ecdc\u201d<\/strong>, d\u1ec5 \u0111\u1ecdc nh\u01b0ng l\u1eafng \u0111\u1ecdng<\/p>\n<\/li>\n<\/ul>\n","protected":false},"excerpt":{"rendered":"<p>T\u00e1c gi\u1ea3 : S\u01a1n Nam<br \/>\n\u0110\u1ecbnh d\u1ea1ng : S\u00e1ch n\u00f3i<\/p>\n<p><strong><a href=\"https:\/\/drive.usercontent.google.com\/download?id=1naCF5c0pszvVM9ezLM2d-5mZQeKz492X&amp;export=download&amp;authuser=0\">DOWNLOAD<\/a><br \/>\nH\u00e3y t\u00f9y t\u00e2m \u0111\u00f3ng g\u00f3p \u0111\u1ec3 ch\u00fang t\u00f4i c\u00f3 th\u1ec3 ti\u1ebfp t\u1ee5c duy tr\u00ec v\u00e0 ph\u00e1t tri\u1ec3n ho\u1ea1t \u0111\u1ed9ng \u00fd ngh\u0129a n\u00e0y.<\/strong><\/p>\n<p><img decoding=\"async\" src=\"http:\/\/thuvien360.com\/wp-content\/uploads\/2025\/06\/QR-HUNG.jpg\" \/><\/p>\n","protected":false},"featured_media":693,"comment_status":"open","ping_status":"closed","template":"","meta":{"_uag_custom_page_level_css":""},"product_brand":[],"product_cat":[58],"product_tag":[],"class_list":{"0":"post-692","1":"product","2":"type-product","3":"status-publish","4":"has-post-thumbnail","6":"product_cat-lichsu-vietnam","8":"first","9":"instock","10":"downloadable","11":"virtual","12":"sold-individually","13":"product-type-simple"},"uagb_featured_image_src":{"full":["http:\/\/thuvien360.com\/wp-content\/uploads\/2025\/06\/08-4275-hoi-ky-son-nam-toan-tap-1.jpg",1200,900,false],"thumbnail":["http:\/\/thuvien360.com\/wp-content\/uploads\/2025\/06\/08-4275-hoi-ky-son-nam-toan-tap-1-150x150.jpg",150,150,true],"medium":["http:\/\/thuvien360.com\/wp-content\/uploads\/2025\/06\/08-4275-hoi-ky-son-nam-toan-tap-1-300x225.jpg",300,225,true],"medium_large":["http:\/\/thuvien360.com\/wp-content\/uploads\/2025\/06\/08-4275-hoi-ky-son-nam-toan-tap-1-768x576.jpg",768,576,true],"large":["http:\/\/thuvien360.com\/wp-content\/uploads\/2025\/06\/08-4275-hoi-ky-son-nam-toan-tap-1-1024x768.jpg",1020,765,true],"1536x1536":["http:\/\/thuvien360.com\/wp-content\/uploads\/2025\/06\/08-4275-hoi-ky-son-nam-toan-tap-1.jpg",1200,900,false],"2048x2048":["http:\/\/thuvien360.com\/wp-content\/uploads\/2025\/06\/08-4275-hoi-ky-son-nam-toan-tap-1.jpg",1200,900,false],"woocommerce_thumbnail":["http:\/\/thuvien360.com\/wp-content\/uploads\/2025\/06\/08-4275-hoi-ky-son-nam-toan-tap-1-300x300.jpg",300,300,true],"woocommerce_single":["http:\/\/thuvien360.com\/wp-content\/uploads\/2025\/06\/08-4275-hoi-ky-son-nam-toan-tap-1-600x450.jpg",600,450,true],"woocommerce_gallery_thumbnail":["http:\/\/thuvien360.com\/wp-content\/uploads\/2025\/06\/08-4275-hoi-ky-son-nam-toan-tap-1-100x100.jpg",100,100,true]},"uagb_author_info":{"display_name":"admin","author_link":"http:\/\/thuvien360.com\/?author=0"},"uagb_comment_info":0,"uagb_excerpt":"T\u00e1c gi\u1ea3 : S\u01a1n Nam \u0110\u1ecbnh d\u1ea1ng : S\u00e1ch n\u00f3i DOWNLOAD H\u00e3y t\u00f9y t\u00e2m \u0111\u00f3ng g\u00f3p \u0111\u1ec3 ch\u00fang t\u00f4i c\u00f3 th\u1ec3 ti\u1ebfp t\u1ee5c duy tr\u00ec v\u00e0 ph\u00e1t tri\u1ec3n ho\u1ea1t \u0111\u1ed9ng \u00fd ngh\u0129a n\u00e0y.","_links":{"self":[{"href":"http:\/\/thuvien360.com\/index.php?rest_route=\/wp\/v2\/product\/692","targetHints":{"allow":["GET"]}}],"collection":[{"href":"http:\/\/thuvien360.com\/index.php?rest_route=\/wp\/v2\/product"}],"about":[{"href":"http:\/\/thuvien360.com\/index.php?rest_route=\/wp\/v2\/types\/product"}],"replies":[{"embeddable":true,"href":"http:\/\/thuvien360.com\/index.php?rest_route=%2Fwp%2Fv2%2Fcomments&post=692"}],"wp:featuredmedia":[{"embeddable":true,"href":"http:\/\/thuvien360.com\/index.php?rest_route=\/wp\/v2\/media\/693"}],"wp:attachment":[{"href":"http:\/\/thuvien360.com\/index.php?rest_route=%2Fwp%2Fv2%2Fmedia&parent=692"}],"wp:term":[{"taxonomy":"product_brand","embeddable":true,"href":"http:\/\/thuvien360.com\/index.php?rest_route=%2Fwp%2Fv2%2Fproduct_brand&post=692"},{"taxonomy":"product_cat","embeddable":true,"href":"http:\/\/thuvien360.com\/index.php?rest_route=%2Fwp%2Fv2%2Fproduct_cat&post=692"},{"taxonomy":"product_tag","embeddable":true,"href":"http:\/\/thuvien360.com\/index.php?rest_route=%2Fwp%2Fv2%2Fproduct_tag&post=692"}],"curies":[{"name":"wp","href":"https:\/\/api.w.org\/{rel}","templated":true}]}}