{"id":690,"date":"2025-06-30T02:25:48","date_gmt":"2025-06-30T02:25:48","guid":{"rendered":"http:\/\/thuvien360.com\/?post_type=product&#038;p=690"},"modified":"2025-07-04T07:41:11","modified_gmt":"2025-07-04T07:41:11","slug":"duoc-song-va-ke-lai","status":"publish","type":"product","link":"http:\/\/thuvien360.com\/?product=duoc-song-va-ke-lai","title":{"rendered":"\u0110\u01af\u1ee2C S\u1ed0NG V\u00c0 K\u1ec2 L\u1ea0I"},"content":{"rendered":"<h3 data-start=\"269\" data-end=\"301\">\ud83d\udcda <strong data-start=\"276\" data-end=\"299\">\u0110\u01af\u1ee2C S\u1ed0NG V\u00c0 K\u1ec2 L\u1ea0I<\/strong><\/h3>\n<p data-start=\"302\" data-end=\"450\"><strong data-start=\"302\" data-end=\"328\">T\u00e1c gi\u1ea3: Tr\u1ea7n Lu\u00e2n T\u00edn<\/strong><br data-start=\"328\" data-end=\"331\" \/><em data-start=\"331\" data-end=\"450\">T\u1ea5m l\u00f2ng c\u1ee7a m\u1ed9t ng\u01b0\u1eddi \u0111\u00e3 \u0111i qua chi\u1ebfn tranh, \u0111\u00e3 ch\u1ee9ng ki\u1ebfn c\u00e1i ch\u1ebft c\u1eadn k\u1ec1 \u2013 v\u00e0 may m\u1eafn c\u00f2n s\u1ed1ng \u0111\u1ec3 vi\u1ebft n\u00ean l\u1eddi k\u1ec3.<\/em><\/p>\n<blockquote data-start=\"452\" data-end=\"520\">\n<p data-start=\"454\" data-end=\"520\">\u201cT\u00f4i l\u00e0 ng\u01b0\u1eddi may m\u1eafn c\u00f2n s\u1ed1ng \u2013 n\u00ean t\u00f4i c\u00f3 ngh\u0129a v\u1ee5 ph\u1ea3i k\u1ec3 l\u1ea1i.\u201d<\/p>\n<\/blockquote>\n<hr data-start=\"522\" data-end=\"525\" \/>\n<p data-start=\"527\" data-end=\"711\">Cu\u1ed1n s\u00e1ch l\u00e0 <strong data-start=\"540\" data-end=\"583\">h\u1ed3i \u1ee9c sinh \u0111\u1ed9ng, ch\u00e2n th\u1ef1c v\u00e0 c\u1ea3m \u0111\u1ed9ng<\/strong> c\u1ee7a m\u1ed9t ph\u00f3ng vi\u00ean m\u1eb7t tr\u1eadn \u2013 ng\u01b0\u1eddi \u0111\u00e3 c\u00f9ng h\u00e0nh qu\u00e2n, c\u00f9ng \u0103n, c\u00f9ng ch\u1ecbu \u0111\u1ef1ng v\u1edbi nh\u1eefng ng\u01b0\u1eddi l\u00ednh \u1edf tuy\u1ebfn \u0111\u1ea7u su\u1ed1t nhi\u1ec1u n\u0103m.<\/p>\n<p data-start=\"713\" data-end=\"1062\">Kh\u00f4ng t\u00f4 h\u1ed3ng chi\u1ebfn tranh, <strong data-start=\"740\" data-end=\"797\">Tr\u1ea7n Lu\u00e2n T\u00edn k\u1ec3 l\u1ea1i b\u1eb1ng s\u1ef1 th\u00e0nh th\u1eadt \u0111\u1ebfn r\u01b0ng r\u01b0ng<\/strong>: t\u1eebng khu\u00f4n m\u1eb7t, t\u1eebng l\u1ea7n tho\u00e1t ch\u1ebft trong gang t\u1ea5c, t\u1eebng bu\u1ed5i s\u00e1ng th\u1ee9c d\u1eady m\u00e0 kh\u00f4ng ch\u1eafc chi\u1ec1u c\u00f3 c\u00f2n nh\u00ecn th\u1ea5y m\u1eb7t tr\u1eddi. V\u00e0 c\u0169ng ch\u00ednh trong nh\u1eefng d\u00f2ng k\u00fd \u1ee9c \u1ea5y, ng\u01b0\u1eddi \u0111\u1ecdc c\u1ea3m nh\u1eadn \u0111\u01b0\u1ee3c <strong data-start=\"987\" data-end=\"1061\">s\u1ef1 ki\u00eau h\u00e3nh, l\u00f2ng nh\u00e2n \u00e1i v\u00e0 ni\u1ec1m tin c\u1ee7a m\u1ed9t th\u1ebf h\u1ec7 s\u1ed1ng v\u00ec l\u00fd t\u01b0\u1edfng<\/strong>.<\/p>\n<hr data-start=\"1064\" data-end=\"1067\" \/>\n<h3 data-start=\"1069\" data-end=\"1091\">\u270d\ufe0f \u0110i\u1ec3m n\u1ed5i b\u1eadt:<\/h3>\n<ul data-start=\"1092\" data-end=\"1444\">\n<li data-start=\"1092\" data-end=\"1187\">\n<p data-start=\"1094\" data-end=\"1187\">\ud83e\ude96 H\u1ed3i k\u00fd chi\u1ebfn tranh <strong data-start=\"1116\" data-end=\"1150\">vi\u1ebft b\u1edfi ng\u01b0\u1eddi th\u1eadt, vi\u1ec7c th\u1eadt<\/strong>, v\u1edbi c\u1ea3m x\u00fac ch\u00e2n th\u1eadt v\u00e0 x\u00fac \u0111\u1ed9ng<\/p>\n<\/li>\n<li data-start=\"1188\" data-end=\"1279\">\n<p data-start=\"1190\" data-end=\"1279\">\ud83c\udfa5 Nh\u01b0 m\u1ed9t b\u1ed9 phim quay ch\u1eadm v\u1ec1 <strong data-start=\"1222\" data-end=\"1277\">cu\u1ed9c s\u1ed1ng, c\u00e1i ch\u1ebft v\u00e0 t\u00ecnh ng\u01b0\u1eddi trong chi\u1ebfn tranh<\/strong><\/p>\n<\/li>\n<li data-start=\"1280\" data-end=\"1363\">\n<p data-start=\"1282\" data-end=\"1363\">\ud83d\udcdc Ng\u00f4n ng\u1eef gi\u1ea3n d\u1ecb, g\u1ea7n g\u0169i, <strong data-start=\"1312\" data-end=\"1361\">\u0111\u1ea7y ch\u1ea5t b\u00e1o ch\u00ed nh\u01b0ng c\u0169ng r\u1ea5t gi\u00e0u ch\u1ea5t th\u01a1<\/strong><\/p>\n<\/li>\n<li data-start=\"1364\" data-end=\"1444\">\n<p data-start=\"1366\" data-end=\"1444\">\ud83d\udcda L\u00e0 t\u01b0 li\u1ec7u qu\u00fd v\u1ec1 <strong data-start=\"1387\" data-end=\"1444\">l\u1ecbch s\u1eed truy\u1ec1n th\u00f4ng, b\u00e1o ch\u00ed v\u00e0 chi\u1ebfn tranh Vi\u1ec7t Nam<\/strong><\/p>\n<\/li>\n<\/ul>\n","protected":false},"excerpt":{"rendered":"<p>T\u00e1c gi\u1ea3 : Tr\u1ea7n Lu\u00e2n T\u00edn<br \/>\n\u0110\u1ecbnh d\u1ea1ng : S\u00e1ch n\u00f3i<\/p>\n<p><strong><a href=\"https:\/\/drive.usercontent.google.com\/download?id=1a9zJG_N2n5FljqPEpSMtKh7DAQmmf-QE&amp;export=download&amp;authuser=0\">DOWNLOAD<\/a><br \/>\nH\u00e3y t\u00f9y t\u00e2m \u0111\u00f3ng g\u00f3p \u0111\u1ec3 ch\u00fang t\u00f4i c\u00f3 th\u1ec3 ti\u1ebfp t\u1ee5c duy tr\u00ec v\u00e0 ph\u00e1t tri\u1ec3n ho\u1ea1t \u0111\u1ed9ng \u00fd ngh\u0129a n\u00e0y.<\/strong><\/p>\n<p><img decoding=\"async\" src=\"http:\/\/thuvien360.com\/wp-content\/uploads\/2025\/06\/QR-HUNG.jpg\" \/><\/p>\n","protected":false},"featured_media":691,"comment_status":"open","ping_status":"closed","template":"","meta":{"_uag_custom_page_level_css":""},"product_brand":[],"product_cat":[58],"product_tag":[],"class_list":{"0":"post-690","1":"product","2":"type-product","3":"status-publish","4":"has-post-thumbnail","6":"product_cat-lichsu-vietnam","8":"first","9":"instock","10":"downloadable","11":"virtual","12":"sold-individually","13":"product-type-simple"},"uagb_featured_image_src":{"full":["http:\/\/thuvien360.com\/wp-content\/uploads\/2025\/06\/07-1483-duoc-song-va-ke-lai-1.jpg",1200,900,false],"thumbnail":["http:\/\/thuvien360.com\/wp-content\/uploads\/2025\/06\/07-1483-duoc-song-va-ke-lai-1-150x150.jpg",150,150,true],"medium":["http:\/\/thuvien360.com\/wp-content\/uploads\/2025\/06\/07-1483-duoc-song-va-ke-lai-1-300x225.jpg",300,225,true],"medium_large":["http:\/\/thuvien360.com\/wp-content\/uploads\/2025\/06\/07-1483-duoc-song-va-ke-lai-1-768x576.jpg",768,576,true],"large":["http:\/\/thuvien360.com\/wp-content\/uploads\/2025\/06\/07-1483-duoc-song-va-ke-lai-1-1024x768.jpg",1020,765,true],"1536x1536":["http:\/\/thuvien360.com\/wp-content\/uploads\/2025\/06\/07-1483-duoc-song-va-ke-lai-1.jpg",1200,900,false],"2048x2048":["http:\/\/thuvien360.com\/wp-content\/uploads\/2025\/06\/07-1483-duoc-song-va-ke-lai-1.jpg",1200,900,false],"woocommerce_thumbnail":["http:\/\/thuvien360.com\/wp-content\/uploads\/2025\/06\/07-1483-duoc-song-va-ke-lai-1-300x300.jpg",300,300,true],"woocommerce_single":["http:\/\/thuvien360.com\/wp-content\/uploads\/2025\/06\/07-1483-duoc-song-va-ke-lai-1-600x450.jpg",600,450,true],"woocommerce_gallery_thumbnail":["http:\/\/thuvien360.com\/wp-content\/uploads\/2025\/06\/07-1483-duoc-song-va-ke-lai-1-100x100.jpg",100,100,true]},"uagb_author_info":{"display_name":"admin","author_link":"http:\/\/thuvien360.com\/?author=0"},"uagb_comment_info":0,"uagb_excerpt":"T\u00e1c gi\u1ea3 : Tr\u1ea7n Lu\u00e2n T\u00edn \u0110\u1ecbnh d\u1ea1ng : S\u00e1ch n\u00f3i DOWNLOAD H\u00e3y t\u00f9y t\u00e2m \u0111\u00f3ng g\u00f3p \u0111\u1ec3 ch\u00fang t\u00f4i c\u00f3 th\u1ec3 ti\u1ebfp t\u1ee5c duy tr\u00ec v\u00e0 ph\u00e1t tri\u1ec3n ho\u1ea1t \u0111\u1ed9ng \u00fd ngh\u0129a n\u00e0y.","_links":{"self":[{"href":"http:\/\/thuvien360.com\/index.php?rest_route=\/wp\/v2\/product\/690","targetHints":{"allow":["GET"]}}],"collection":[{"href":"http:\/\/thuvien360.com\/index.php?rest_route=\/wp\/v2\/product"}],"about":[{"href":"http:\/\/thuvien360.com\/index.php?rest_route=\/wp\/v2\/types\/product"}],"replies":[{"embeddable":true,"href":"http:\/\/thuvien360.com\/index.php?rest_route=%2Fwp%2Fv2%2Fcomments&post=690"}],"wp:featuredmedia":[{"embeddable":true,"href":"http:\/\/thuvien360.com\/index.php?rest_route=\/wp\/v2\/media\/691"}],"wp:attachment":[{"href":"http:\/\/thuvien360.com\/index.php?rest_route=%2Fwp%2Fv2%2Fmedia&parent=690"}],"wp:term":[{"taxonomy":"product_brand","embeddable":true,"href":"http:\/\/thuvien360.com\/index.php?rest_route=%2Fwp%2Fv2%2Fproduct_brand&post=690"},{"taxonomy":"product_cat","embeddable":true,"href":"http:\/\/thuvien360.com\/index.php?rest_route=%2Fwp%2Fv2%2Fproduct_cat&post=690"},{"taxonomy":"product_tag","embeddable":true,"href":"http:\/\/thuvien360.com\/index.php?rest_route=%2Fwp%2Fv2%2Fproduct_tag&post=690"}],"curies":[{"name":"wp","href":"https:\/\/api.w.org\/{rel}","templated":true}]}}