{"id":688,"date":"2025-06-30T02:24:09","date_gmt":"2025-06-30T02:24:09","guid":{"rendered":"http:\/\/thuvien360.com\/?post_type=product&#038;p=688"},"modified":"2025-07-04T07:40:56","modified_gmt":"2025-07-04T07:40:56","slug":"muoi-co-gai-nga-ba-dong-loc","status":"publish","type":"product","link":"http:\/\/thuvien360.com\/?product=muoi-co-gai-nga-ba-dong-loc","title":{"rendered":"M\u01af\u1edcI C\u00d4 G\u00c1I NG\u00c3 BA \u0110\u1ed2NG L\u1ed8C"},"content":{"rendered":"<h3 data-start=\"238\" data-end=\"278\">\ud83c\udf3a <strong data-start=\"245\" data-end=\"276\">M\u01af\u1edcI C\u00d4 G\u00c1I NG\u00c3 BA \u0110\u1ed2NG L\u1ed8C<\/strong><\/h3>\n<p data-start=\"279\" data-end=\"445\"><strong data-start=\"279\" data-end=\"306\">T\u00e1c gi\u1ea3: Nghi\u00eam V\u0103n T\u00e2n<\/strong><br data-start=\"306\" data-end=\"309\" \/><em data-start=\"309\" data-end=\"445\">D\u1ef1a tr\u00ean nh\u1eefng t\u01b0 li\u1ec7u l\u1ecbch s\u1eed, nh\u00e2n ch\u1ee9ng s\u1ed1ng v\u00e0 k\u00fd \u1ee9c \u0111au \u0111\u00e1u v\u1ec1 s\u1ef1 hy sinh c\u1ee7a m\u01b0\u1eddi n\u1eef thanh ni\u00ean xung phong anh h\u00f9ng t\u1ea1i H\u00e0 T\u0129nh.<\/em><\/p>\n<blockquote data-start=\"447\" data-end=\"563\">\n<p data-start=\"449\" data-end=\"563\"><strong data-start=\"449\" data-end=\"563\">\u201cTu\u1ed5i m\u01b0\u1eddi t\u00e1m \u2013 \u0111\u00f4i m\u01b0\u01a1i, c\u00e1c ch\u1ecb \u0111\u00e3 h\u00f3a th\u00e0nh b\u1ea5t t\u1eed tr\u00ean m\u1ea3nh \u0111\u1ea5t bom \u0111\u1ea1n \u2013 v\u00e0 trong tr\u00e1i tim c\u1ee7a d\u00e2n t\u1ed9c.\u201d<\/strong><\/p>\n<\/blockquote>\n<hr data-start=\"565\" data-end=\"568\" \/>\n<p data-start=\"570\" data-end=\"844\">Cu\u1ed1n s\u00e1ch k\u1ec3 l\u1ea1i c\u00e2u chuy\u1ec7n <strong data-start=\"598\" data-end=\"629\">c\u00f3 th\u1eadt v\u00e0 v\u00f4 c\u00f9ng c\u1ea3m \u0111\u1ed9ng<\/strong> v\u1ec1 <strong data-start=\"633\" data-end=\"664\">10 n\u1eef thanh ni\u00ean xung phong<\/strong> thu\u1ed9c Ti\u1ec3u \u0111\u1ed9i 4, \u0110\u1ea1i \u0111\u1ed9i 552, T\u1ed5ng \u0111\u1ed9i 55 \u2013 \u0111\u00e3 hy sinh ng\u00e0y 24\/7\/1968 trong m\u1ed9t tr\u1eadn bom M\u1ef9 t\u1ea1i <strong data-start=\"762\" data-end=\"781\">Ng\u00e3 ba \u0110\u1ed3ng L\u1ed9c<\/strong>, n\u01a1i huy\u1ebft m\u1ea1ch giao th\u00f4ng chi vi\u1ec7n cho chi\u1ebfn tr\u01b0\u1eddng mi\u1ec1n Nam.<\/p>\n<p data-start=\"846\" data-end=\"1053\">B\u1eb1ng gi\u1ecdng v\u0103n <strong data-start=\"861\" data-end=\"899\">ch\u00e2n th\u1ef1c, s\u00e2u l\u1eafng v\u00e0 \u0111\u1ea7y c\u1ea3m x\u00fac<\/strong>, t\u00e1c gi\u1ea3 \u0111\u00e3 kh\u00f4ng ch\u1ec9 kh\u1eafc h\u1ecda s\u1ef1 hy sinh anh d\u0169ng c\u1ee7a c\u00e1c c\u00f4 g\u00e1i, m\u00e0 c\u00f2n truy\u1ec1n t\u1ea3i <strong data-start=\"985\" data-end=\"1052\">t\u00ecnh y\u00eau qu\u00ea h\u01b0\u01a1ng, l\u00fd t\u01b0\u1edfng s\u1ed1ng cao \u0111\u1eb9p v\u00e0 kh\u00e1t v\u1ecdng h\u00f2a b\u00ecnh<\/strong>.<\/p>\n<hr data-start=\"1055\" data-end=\"1058\" \/>\n<h3 data-start=\"1060\" data-end=\"1088\">\ud83d\udcd6 Nh\u1eefng \u0111i\u1ec3m n\u1ed5i b\u1eadt:<\/h3>\n<ul data-start=\"1089\" data-end=\"1447\">\n<li data-start=\"1089\" data-end=\"1175\">\n<p data-start=\"1091\" data-end=\"1175\">\ud83d\udd25 <strong data-start=\"1094\" data-end=\"1130\">D\u1ef1a tr\u00ean s\u1ef1 ki\u1ec7n l\u1ecbch s\u1eed c\u00f3 th\u1eadt<\/strong>, v\u1edbi t\u01b0 li\u1ec7u chi ti\u1ebft v\u00e0 l\u1eddi k\u1ec3 nh\u00e2n ch\u1ee9ng<\/p>\n<\/li>\n<li data-start=\"1176\" data-end=\"1265\">\n<p data-start=\"1178\" data-end=\"1265\">\ud83d\udc94 L\u1eddi v\u0103n <strong data-start=\"1189\" data-end=\"1226\">gi\u1ea3n d\u1ecb nh\u01b0ng lay \u0111\u1ed9ng l\u00f2ng ng\u01b0\u1eddi<\/strong>, g\u1ee3i n\u1ed7i \u0111au v\u00e0 l\u00f2ng bi\u1ebft \u01a1n s\u00e2u s\u1eafc<\/p>\n<\/li>\n<li data-start=\"1266\" data-end=\"1366\">\n<p data-start=\"1268\" data-end=\"1366\">\ud83c\uddfb\ud83c\uddf3 T\u00f4n vinh <strong data-start=\"1282\" data-end=\"1364\">tinh th\u1ea7n y\u00eau n\u01b0\u1edbc, \u00fd ch\u00ed s\u1eaft \u0111\u00e1 v\u00e0 s\u1ef1 hy sinh th\u1ea7m l\u1eb7ng c\u1ee7a tu\u1ed5i tr\u1ebb Vi\u1ec7t Nam<\/strong><\/p>\n<\/li>\n<li data-start=\"1367\" data-end=\"1447\">\n<p data-start=\"1369\" data-end=\"1447\">\ud83d\udd4a Ph\u00f9 h\u1ee3p l\u00e0m <strong data-start=\"1384\" data-end=\"1447\">s\u00e1ch gi\u00e1o d\u1ee5c truy\u1ec1n th\u1ed1ng, phim t\u01b0 li\u1ec7u, audiobook c\u1ea3m x\u00fac<\/strong><\/p>\n<\/li>\n<\/ul>\n","protected":false},"excerpt":{"rendered":"<p>T\u00e1c gi\u1ea3 : Nghi\u00eam V\u0103n T\u00e2n<br \/>\n\u0110\u1ecbnh d\u1ea1ng : S\u00e1ch n\u00f3i<\/p>\n<p><strong><a href=\"https:\/\/drive.usercontent.google.com\/download?id=1goR4_O1YNUp21m8v4439Nc_OvUzE4RRO&amp;export=download&amp;authuser=0\">DOWNLOAD<\/a><br \/>\nH\u00e3y t\u00f9y t\u00e2m \u0111\u00f3ng g\u00f3p \u0111\u1ec3 ch\u00fang t\u00f4i c\u00f3 th\u1ec3 ti\u1ebfp t\u1ee5c duy tr\u00ec v\u00e0 ph\u00e1t tri\u1ec3n ho\u1ea1t \u0111\u1ed9ng \u00fd ngh\u0129a n\u00e0y.<\/strong><\/p>\n<p><img decoding=\"async\" src=\"http:\/\/thuvien360.com\/wp-content\/uploads\/2025\/06\/QR-HUNG.jpg\" \/><\/p>\n","protected":false},"featured_media":689,"comment_status":"open","ping_status":"closed","template":"","meta":{"_uag_custom_page_level_css":""},"product_brand":[],"product_cat":[58],"product_tag":[],"class_list":{"0":"post-688","1":"product","2":"type-product","3":"status-publish","4":"has-post-thumbnail","6":"product_cat-lichsu-vietnam","8":"first","9":"instock","10":"downloadable","11":"virtual","12":"sold-individually","13":"product-type-simple"},"uagb_featured_image_src":{"full":["http:\/\/thuvien360.com\/wp-content\/uploads\/2025\/06\/06-7191-muoi-co-gai-nga-ba-dong-loc-1.jpg",1200,900,false],"thumbnail":["http:\/\/thuvien360.com\/wp-content\/uploads\/2025\/06\/06-7191-muoi-co-gai-nga-ba-dong-loc-1-150x150.jpg",150,150,true],"medium":["http:\/\/thuvien360.com\/wp-content\/uploads\/2025\/06\/06-7191-muoi-co-gai-nga-ba-dong-loc-1-300x225.jpg",300,225,true],"medium_large":["http:\/\/thuvien360.com\/wp-content\/uploads\/2025\/06\/06-7191-muoi-co-gai-nga-ba-dong-loc-1-768x576.jpg",768,576,true],"large":["http:\/\/thuvien360.com\/wp-content\/uploads\/2025\/06\/06-7191-muoi-co-gai-nga-ba-dong-loc-1-1024x768.jpg",1020,765,true],"1536x1536":["http:\/\/thuvien360.com\/wp-content\/uploads\/2025\/06\/06-7191-muoi-co-gai-nga-ba-dong-loc-1.jpg",1200,900,false],"2048x2048":["http:\/\/thuvien360.com\/wp-content\/uploads\/2025\/06\/06-7191-muoi-co-gai-nga-ba-dong-loc-1.jpg",1200,900,false],"woocommerce_thumbnail":["http:\/\/thuvien360.com\/wp-content\/uploads\/2025\/06\/06-7191-muoi-co-gai-nga-ba-dong-loc-1-300x300.jpg",300,300,true],"woocommerce_single":["http:\/\/thuvien360.com\/wp-content\/uploads\/2025\/06\/06-7191-muoi-co-gai-nga-ba-dong-loc-1-600x450.jpg",600,450,true],"woocommerce_gallery_thumbnail":["http:\/\/thuvien360.com\/wp-content\/uploads\/2025\/06\/06-7191-muoi-co-gai-nga-ba-dong-loc-1-100x100.jpg",100,100,true]},"uagb_author_info":{"display_name":"admin","author_link":"http:\/\/thuvien360.com\/?author=0"},"uagb_comment_info":0,"uagb_excerpt":"T\u00e1c gi\u1ea3 : Nghi\u00eam V\u0103n T\u00e2n \u0110\u1ecbnh d\u1ea1ng : S\u00e1ch n\u00f3i DOWNLOAD H\u00e3y t\u00f9y t\u00e2m \u0111\u00f3ng g\u00f3p \u0111\u1ec3 ch\u00fang t\u00f4i c\u00f3 th\u1ec3 ti\u1ebfp t\u1ee5c duy tr\u00ec v\u00e0 ph\u00e1t tri\u1ec3n ho\u1ea1t \u0111\u1ed9ng \u00fd ngh\u0129a n\u00e0y.","_links":{"self":[{"href":"http:\/\/thuvien360.com\/index.php?rest_route=\/wp\/v2\/product\/688","targetHints":{"allow":["GET"]}}],"collection":[{"href":"http:\/\/thuvien360.com\/index.php?rest_route=\/wp\/v2\/product"}],"about":[{"href":"http:\/\/thuvien360.com\/index.php?rest_route=\/wp\/v2\/types\/product"}],"replies":[{"embeddable":true,"href":"http:\/\/thuvien360.com\/index.php?rest_route=%2Fwp%2Fv2%2Fcomments&post=688"}],"wp:featuredmedia":[{"embeddable":true,"href":"http:\/\/thuvien360.com\/index.php?rest_route=\/wp\/v2\/media\/689"}],"wp:attachment":[{"href":"http:\/\/thuvien360.com\/index.php?rest_route=%2Fwp%2Fv2%2Fmedia&parent=688"}],"wp:term":[{"taxonomy":"product_brand","embeddable":true,"href":"http:\/\/thuvien360.com\/index.php?rest_route=%2Fwp%2Fv2%2Fproduct_brand&post=688"},{"taxonomy":"product_cat","embeddable":true,"href":"http:\/\/thuvien360.com\/index.php?rest_route=%2Fwp%2Fv2%2Fproduct_cat&post=688"},{"taxonomy":"product_tag","embeddable":true,"href":"http:\/\/thuvien360.com\/index.php?rest_route=%2Fwp%2Fv2%2Fproduct_tag&post=688"}],"curies":[{"name":"wp","href":"https:\/\/api.w.org\/{rel}","templated":true}]}}