{"id":674,"date":"2025-06-30T02:04:23","date_gmt":"2025-06-30T02:04:23","guid":{"rendered":"http:\/\/thuvien360.com\/?post_type=product&#038;p=674"},"modified":"2025-07-04T07:43:48","modified_gmt":"2025-07-04T07:43:48","slug":"duong-xua-may-trang","status":"publish","type":"product","link":"http:\/\/thuvien360.com\/?product=duong-xua-may-trang","title":{"rendered":"\u0110\u01b0\u1eddng X\u01b0a M\u00e2y Tr\u1eafng"},"content":{"rendered":"<h3 data-start=\"286\" data-end=\"318\">\ud83c\udf3f <strong data-start=\"293\" data-end=\"316\">\u0110\u01b0\u1eddng X\u01b0a M\u00e2y Tr\u1eafng<\/strong><\/h3>\n<p data-start=\"319\" data-end=\"419\"><em data-start=\"319\" data-end=\"419\">T\u00e1c gi\u1ea3: Thi\u1ec1n s\u01b0 Th\u00edch Nh\u1ea5t H\u1ea1nh \u2013 v\u1ecb s\u1ee9 gi\u1ea3 h\u00f2a b\u00ecnh v\u00e0 ch\u00e1nh ni\u1ec7m n\u1ed5i b\u1eadt c\u1ee7a th\u1ebf gi\u1edbi hi\u1ec7n \u0111\u1ea1i<\/em><\/p>\n<blockquote data-start=\"421\" data-end=\"488\">\n<p data-start=\"423\" data-end=\"488\"><strong data-start=\"423\" data-end=\"488\">\u201cT\u00f4i \u0111\u00e3 t\u1edbi, t\u00f4i \u0111ang \u1edf \u0111\u00e2y, b\u00e2y gi\u1edd l\u00e0 gi\u00e2y ph\u00fat tuy\u1ec7t v\u1eddi.\u201d<\/strong><\/p>\n<\/blockquote>\n<hr data-start=\"490\" data-end=\"493\" \/>\n<p data-start=\"495\" data-end=\"723\"><strong data-start=\"495\" data-end=\"520\">&#8220;\u0110\u01b0\u1eddng X\u01b0a M\u00e2y Tr\u1eafng&#8221;<\/strong> k\u1ec3 l\u1ea1i cu\u1ed9c \u0111\u1eddi c\u1ee7a <strong data-start=\"541\" data-end=\"590\">Siddhartha Gautama \u2013 \u0110\u1ee9c Ph\u1eadt Th\u00edch Ca M\u00e2u Ni<\/strong>, kh\u00f4ng ph\u1ea3i nh\u01b0 m\u1ed9t huy\u1ec1n tho\u1ea1i xa v\u1eddi, m\u00e0 qua c\u00e1i nh\u00ecn g\u1ea7n g\u0169i, \u0111\u1eddi th\u01b0\u1eddng, ch\u00e2n th\u1eadt v\u00e0 \u0111\u1ea7y c\u1ea3m x\u00fac c\u1ee7a ng\u01b0\u1eddi h\u1ecdc tr\u00f2 \u0111i b\u00ean th\u1ea7y.<\/p>\n<p data-start=\"725\" data-end=\"955\">T\u00e1c ph\u1ea9m l\u00e0 s\u1ef1 k\u1ebft h\u1ee3p gi\u1eefa <strong data-start=\"753\" data-end=\"806\">truy\u1ec7n k\u1ec3, l\u1ecbch s\u1eed, thi\u1ec1n qu\u00e1n v\u00e0 minh tri\u1ebft s\u1ed1ng<\/strong>, gi\u00fap ng\u01b0\u1eddi \u0111\u1ecdc <strong data-start=\"823\" data-end=\"868\">th\u1ea5u hi\u1ec3u tinh th\u1ea7n Ph\u1eadt ph\u00e1p nguy\u00ean th\u1ee7y<\/strong>, th\u1ea5y \u0111\u01b0\u1ee3c <strong data-start=\"880\" data-end=\"954\">con \u0111\u01b0\u1eddng t\u1ec9nh th\u1ee9c m\u00e0 ai c\u0169ng c\u00f3 th\u1ec3 \u0111i, ngay trong \u0111\u1eddi s\u1ed1ng hi\u1ec7n t\u1ea1i<\/strong>.<\/p>\n<hr data-start=\"957\" data-end=\"960\" \/>\n<h3 data-start=\"962\" data-end=\"988\">\ud83d\udcd8 N\u1ed9i dung n\u1ed5i b\u1eadt:<\/h3>\n<ul data-start=\"989\" data-end=\"1314\">\n<li data-start=\"989\" data-end=\"1072\">\n<p data-start=\"991\" data-end=\"1072\">\ud83c\udf3e Gi\u1ecdng v\u0103n <strong data-start=\"1004\" data-end=\"1041\">m\u1ed9c m\u1ea1c, s\u00e2u l\u1eafng, \u0111\u1ea7y ch\u1ea5t thi\u1ec1n<\/strong>, th\u1ea5m \u0111\u1eabm t\u1eeb bi v\u00e0 t\u1ec9nh th\u1ee9c<\/p>\n<\/li>\n<li data-start=\"1073\" data-end=\"1155\">\n<p data-start=\"1075\" data-end=\"1155\">\ud83e\udeb7 Kh\u1eafc h\u1ecda <strong data-start=\"1087\" data-end=\"1136\">\u0110\u1ee9c Ph\u1eadt nh\u01b0 m\u1ed9t con ng\u01b0\u1eddi s\u1ed1ng \u0111\u1ed9ng, g\u1ea7n g\u0169i<\/strong>, kh\u00f4ng gi\u00e1o \u0111i\u1ec1u<\/p>\n<\/li>\n<li data-start=\"1156\" data-end=\"1239\">\n<p data-start=\"1158\" data-end=\"1239\">\ud83d\udd4a\ufe0f D\u1eabn d\u1eaft ng\u01b0\u1eddi \u0111\u1ecdc <strong data-start=\"1180\" data-end=\"1237\">s\u1ed1ng ch\u1eadm, l\u1eafng nghe, quay v\u1ec1 v\u1edbi h\u01a1i th\u1edf v\u00e0 hi\u1ec7n t\u1ea1i<\/strong><\/p>\n<\/li>\n<li data-start=\"1240\" data-end=\"1314\">\n<p data-start=\"1242\" data-end=\"1314\">\ud83d\udcdc Ph\u00f9 h\u1ee3p v\u1edbi c\u1ea3 ng\u01b0\u1eddi tu h\u1ecdc l\u1eabn ng\u01b0\u1eddi m\u1edbi b\u01b0\u1edbc v\u00e0o con \u0111\u01b0\u1eddng t\u00e2m linh<\/p>\n<\/li>\n<\/ul>\n","protected":false},"excerpt":{"rendered":"<p>T\u00e1c gi\u1ea3 : Th\u00edch Nh\u1ea5t H\u1ea1nh<br \/>\n\u0110\u1ecbnh d\u1ea1ng : S\u00e1ch n\u00f3i<\/p>\n<p><strong><a href=\"https:\/\/drive.usercontent.google.com\/download?id=1p28htEd4O-fk-rSb0WNH73MGIZDZ40qQ&amp;export=download&amp;authuser=0\">DOWNLOAD<\/a><br \/>\nH\u00e3y t\u00f9y t\u00e2m \u0111\u00f3ng g\u00f3p \u0111\u1ec3 ch\u00fang t\u00f4i c\u00f3 th\u1ec3 ti\u1ebfp t\u1ee5c duy tr\u00ec v\u00e0 ph\u00e1t tri\u1ec3n ho\u1ea1t \u0111\u1ed9ng \u00fd ngh\u0129a n\u00e0y.<\/strong><\/p>\n<p><img decoding=\"async\" src=\"http:\/\/thuvien360.com\/wp-content\/uploads\/2025\/06\/QR-HUNG.jpg\" \/><\/p>\n","protected":false},"featured_media":675,"comment_status":"open","ping_status":"closed","template":"","meta":{"_uag_custom_page_level_css":""},"product_brand":[],"product_cat":[41],"product_tag":[],"class_list":{"0":"post-674","1":"product","2":"type-product","3":"status-publish","4":"has-post-thumbnail","6":"product_cat-phat-giao","8":"first","9":"instock","10":"downloadable","11":"virtual","12":"sold-individually","13":"product-type-simple"},"uagb_featured_image_src":{"full":["http:\/\/thuvien360.com\/wp-content\/uploads\/2025\/06\/35-103-duong-xua-may-trang-1.jpg",1200,900,false],"thumbnail":["http:\/\/thuvien360.com\/wp-content\/uploads\/2025\/06\/35-103-duong-xua-may-trang-1-150x150.jpg",150,150,true],"medium":["http:\/\/thuvien360.com\/wp-content\/uploads\/2025\/06\/35-103-duong-xua-may-trang-1-300x225.jpg",300,225,true],"medium_large":["http:\/\/thuvien360.com\/wp-content\/uploads\/2025\/06\/35-103-duong-xua-may-trang-1-768x576.jpg",768,576,true],"large":["http:\/\/thuvien360.com\/wp-content\/uploads\/2025\/06\/35-103-duong-xua-may-trang-1-1024x768.jpg",1020,765,true],"1536x1536":["http:\/\/thuvien360.com\/wp-content\/uploads\/2025\/06\/35-103-duong-xua-may-trang-1.jpg",1200,900,false],"2048x2048":["http:\/\/thuvien360.com\/wp-content\/uploads\/2025\/06\/35-103-duong-xua-may-trang-1.jpg",1200,900,false],"woocommerce_thumbnail":["http:\/\/thuvien360.com\/wp-content\/uploads\/2025\/06\/35-103-duong-xua-may-trang-1-300x300.jpg",300,300,true],"woocommerce_single":["http:\/\/thuvien360.com\/wp-content\/uploads\/2025\/06\/35-103-duong-xua-may-trang-1-600x450.jpg",600,450,true],"woocommerce_gallery_thumbnail":["http:\/\/thuvien360.com\/wp-content\/uploads\/2025\/06\/35-103-duong-xua-may-trang-1-100x100.jpg",100,100,true]},"uagb_author_info":{"display_name":"admin","author_link":"http:\/\/thuvien360.com\/?author=0"},"uagb_comment_info":0,"uagb_excerpt":"T\u00e1c gi\u1ea3 : Th\u00edch Nh\u1ea5t H\u1ea1nh \u0110\u1ecbnh d\u1ea1ng : S\u00e1ch n\u00f3i DOWNLOAD H\u00e3y t\u00f9y t\u00e2m \u0111\u00f3ng g\u00f3p \u0111\u1ec3 ch\u00fang t\u00f4i c\u00f3 th\u1ec3 ti\u1ebfp t\u1ee5c duy tr\u00ec v\u00e0 ph\u00e1t tri\u1ec3n ho\u1ea1t \u0111\u1ed9ng \u00fd ngh\u0129a n\u00e0y.","_links":{"self":[{"href":"http:\/\/thuvien360.com\/index.php?rest_route=\/wp\/v2\/product\/674","targetHints":{"allow":["GET"]}}],"collection":[{"href":"http:\/\/thuvien360.com\/index.php?rest_route=\/wp\/v2\/product"}],"about":[{"href":"http:\/\/thuvien360.com\/index.php?rest_route=\/wp\/v2\/types\/product"}],"replies":[{"embeddable":true,"href":"http:\/\/thuvien360.com\/index.php?rest_route=%2Fwp%2Fv2%2Fcomments&post=674"}],"wp:featuredmedia":[{"embeddable":true,"href":"http:\/\/thuvien360.com\/index.php?rest_route=\/wp\/v2\/media\/675"}],"wp:attachment":[{"href":"http:\/\/thuvien360.com\/index.php?rest_route=%2Fwp%2Fv2%2Fmedia&parent=674"}],"wp:term":[{"taxonomy":"product_brand","embeddable":true,"href":"http:\/\/thuvien360.com\/index.php?rest_route=%2Fwp%2Fv2%2Fproduct_brand&post=674"},{"taxonomy":"product_cat","embeddable":true,"href":"http:\/\/thuvien360.com\/index.php?rest_route=%2Fwp%2Fv2%2Fproduct_cat&post=674"},{"taxonomy":"product_tag","embeddable":true,"href":"http:\/\/thuvien360.com\/index.php?rest_route=%2Fwp%2Fv2%2Fproduct_tag&post=674"}],"curies":[{"name":"wp","href":"https:\/\/api.w.org\/{rel}","templated":true}]}}