{"id":611,"date":"2025-06-27T08:18:49","date_gmt":"2025-06-27T08:18:49","guid":{"rendered":"http:\/\/thuvien360.com\/?post_type=product&#038;p=611"},"modified":"2025-07-04T04:33:28","modified_gmt":"2025-07-04T04:33:28","slug":"bi-mat-cua-nhung-bi-mat-tap-2","status":"publish","type":"product","link":"http:\/\/thuvien360.com\/?product=bi-mat-cua-nhung-bi-mat-tap-2","title":{"rendered":"B\u00ed M\u1eadt C\u1ee7a Nh\u1eefng B\u00ed M\u1eadt \u2013 T\u1eadp 2"},"content":{"rendered":"<h3 data-start=\"303\" data-end=\"347\">\ud83c\udf3c <strong data-start=\"310\" data-end=\"345\">B\u00ed M\u1eadt C\u1ee7a Nh\u1eefng B\u00ed M\u1eadt \u2013 T\u1eadp 2<\/strong><\/h3>\n<p data-start=\"348\" data-end=\"522\"><em data-start=\"348\" data-end=\"522\">T\u00e1c gi\u1ea3: Osho \u2013 m\u1ed9t trong nh\u1eefng b\u1eadc th\u1ea7y t\u00e2m linh c\u00f3 \u1ea3nh h\u01b0\u1edfng l\u1edbn nh\u1ea5t th\u1ebf k\u1ef7 20, n\u1ed5i ti\u1ebfng v\u1edbi nh\u1eefng b\u00e0i gi\u1ea3ng v\u1eeba s\u00e2u s\u1eafc v\u1eeba mang t\u00ednh ph\u00e1 c\u00e1ch, \u0111\u1ea7y th\u1ee9c t\u1ec9nh v\u00e0 t\u1ef1 do.<\/em><\/p>\n<p data-start=\"524\" data-end=\"775\">N\u1ebfu T\u1eadp 1 d\u1eabn d\u1eaft ng\u01b0\u1eddi \u0111\u1ecdc <strong data-start=\"552\" data-end=\"593\">b\u1eaft \u0111\u1ea7u h\u00e0nh tr\u00ecnh quay v\u00e0o b\u00ean trong<\/strong>, th\u00ec T\u1eadp 2 \u0111i s\u00e2u h\u01a1n, gi\u00fap ta <strong data-start=\"625\" data-end=\"687\">hi\u1ec3u v\u00e0 tr\u1ea3i nghi\u1ec7m th\u1ef1c s\u1ef1 qu\u00e1 tr\u00ecnh \u201cn\u1edf hoa\u201d c\u1ee7a n\u1ed9i t\u00e2m<\/strong> \u2013 s\u1ef1 th\u1ee9c t\u1ec9nh c\u1ee7a n\u0103ng l\u01b0\u1ee3ng s\u1ed1ng, c\u00e1i g\u1ecdi l\u00e0 <strong data-start=\"735\" data-end=\"754\">\u201cb\u00f4ng hoa v\u00e0ng\u201d<\/strong> b\u00ean trong m\u1ed7i ng\u01b0\u1eddi.<\/p>\n<p data-start=\"777\" data-end=\"1255\">B\u1ea1n s\u1ebd t\u00ecm th\u1ea5y trong T\u1eadp 2:<br data-start=\"805\" data-end=\"808\" \/>\ud83c\udf3f Nh\u1eefng <strong data-start=\"817\" data-end=\"862\">giai \u0111o\u1ea1n tinh vi c\u1ee7a thi\u1ec1n \u0111\u1ecbnh n\u1ed9i qu\u00e1n<\/strong>, n\u01a1i b\u1ea1n kh\u00f4ng ch\u1ec9 quan s\u00e1t t\u00e2m tr\u00ed m\u00e0 <strong data-start=\"902\" data-end=\"928\">tan bi\u1ebfn v\u00e0o t\u0129nh l\u1eb7ng<\/strong><br data-start=\"928\" data-end=\"931\" \/>\ud83c\udf0c S\u1ef1 v\u1eadn h\u00e0nh c\u1ee7a <strong data-start=\"950\" data-end=\"975\">kh\u00ed \u2013 n\u0103ng l\u01b0\u1ee3ng s\u1ed1ng<\/strong> (prana) trong th\u00e2n th\u1ec3 v\u00e0 c\u00e1ch d\u1eabn d\u1eaft n\u00f3 \u0111\u1ebfn \u0111i\u1ec3m th\u0103ng hoa<br data-start=\"1036\" data-end=\"1039\" \/>\ud83e\ude9e C\u00e1c <strong data-start=\"1046\" data-end=\"1075\">c\u1ea1m b\u1eaby vi t\u1ebf c\u1ee7a b\u1ea3n ng\u00e3<\/strong>, ngay c\u1ea3 khi b\u1ea1n t\u01b0\u1edfng m\u00ecnh \u0111\u00e3 gi\u00e1c ng\u1ed9<br data-start=\"1115\" data-end=\"1118\" \/>\ud83d\udd2e V\u00e0 quan tr\u1ecdng h\u01a1n, Osho gi\u00fap b\u1ea1n <strong data-start=\"1154\" data-end=\"1189\" data-is-only-node=\"\">tr\u00e1nh bi\u1ebfn thi\u1ec1n th\u00e0nh m\u1ee5c ti\u00eau<\/strong>, m\u00e0 quay tr\u1edf v\u1ec1 v\u1edbi <strong data-start=\"1210\" data-end=\"1255\">tr\u1ea1ng th\u00e1i hi\u1ec7n h\u1eefu thu\u1ea7n khi\u1ebft, t\u1ef1 nhi\u00ean<\/strong><\/p>\n<blockquote data-start=\"1257\" data-end=\"1383\">\n<p data-start=\"1259\" data-end=\"1383\">\u201cKh\u00f4ng c\u00f3 g\u00ec \u0111\u1ec3 \u0111\u1ea1t \u0111\u01b0\u1ee3c. B\u00ed m\u1eadt kh\u00f4ng \u1edf b\u00ean ngo\u00e0i, c\u0169ng kh\u00f4ng \u1edf trong t\u01b0\u01a1ng lai. N\u00f3 \u0111ang di\u1ec5n ra\u2026 ngay t\u1ea1i \u0111\u00e2y v\u00e0 b\u00e2y gi\u1edd.\u201d<\/p>\n<\/blockquote>\n","protected":false},"excerpt":{"rendered":"<p>\u0110\u1ecbnh d\u1ea1ng: S\u00e1ch n\u00f3i<br \/>\nT\u1ea3i s\u00e1ch v\u1ec1 \u0111\u1ec3 nghe m\u1ecdi l\u00fac, m\u1ecdi n\u01a1i<\/p>\n<p><strong><a href=\"https:\/\/drive.usercontent.google.com\/download?id=1YNcCB5_CcVHECJ9WD7MkJPpIT1LHgi28&amp;export=download&amp;authuser=0\">DOWNLOAD<\/a><br \/>\nH\u00e3y t\u00f9y t\u00e2m \u0111\u00f3ng g\u00f3p \u0111\u1ec3 ch\u00fang t\u00f4i c\u00f3 th\u1ec3 ti\u1ebfp t\u1ee5c duy tr\u00ec v\u00e0 ph\u00e1t tri\u1ec3n ho\u1ea1t \u0111\u1ed9ng \u00fd ngh\u0129a n\u00e0y.<\/strong><\/p>\n<p><img decoding=\"async\" src=\"http:\/\/thuvien360.com\/wp-content\/uploads\/2025\/06\/QR-HUNG.jpg\" \/><\/p>\n","protected":false},"featured_media":612,"comment_status":"open","ping_status":"closed","template":"","meta":{"_uag_custom_page_level_css":""},"product_brand":[],"product_cat":[41],"product_tag":[],"class_list":{"0":"post-611","1":"product","2":"type-product","3":"status-publish","4":"has-post-thumbnail","6":"product_cat-phat-giao","8":"first","9":"instock","10":"downloadable","11":"virtual","12":"sold-individually","13":"product-type-simple"},"uagb_featured_image_src":{"full":["http:\/\/thuvien360.com\/wp-content\/uploads\/2025\/06\/03-Bi-Mat-Cua-Nhung-Bi-Mat-Tap-2-Osho-1.jpg",1200,900,false],"thumbnail":["http:\/\/thuvien360.com\/wp-content\/uploads\/2025\/06\/03-Bi-Mat-Cua-Nhung-Bi-Mat-Tap-2-Osho-1-150x150.jpg",150,150,true],"medium":["http:\/\/thuvien360.com\/wp-content\/uploads\/2025\/06\/03-Bi-Mat-Cua-Nhung-Bi-Mat-Tap-2-Osho-1-300x225.jpg",300,225,true],"medium_large":["http:\/\/thuvien360.com\/wp-content\/uploads\/2025\/06\/03-Bi-Mat-Cua-Nhung-Bi-Mat-Tap-2-Osho-1-768x576.jpg",768,576,true],"large":["http:\/\/thuvien360.com\/wp-content\/uploads\/2025\/06\/03-Bi-Mat-Cua-Nhung-Bi-Mat-Tap-2-Osho-1-1024x768.jpg",1020,765,true],"1536x1536":["http:\/\/thuvien360.com\/wp-content\/uploads\/2025\/06\/03-Bi-Mat-Cua-Nhung-Bi-Mat-Tap-2-Osho-1.jpg",1200,900,false],"2048x2048":["http:\/\/thuvien360.com\/wp-content\/uploads\/2025\/06\/03-Bi-Mat-Cua-Nhung-Bi-Mat-Tap-2-Osho-1.jpg",1200,900,false],"woocommerce_thumbnail":["http:\/\/thuvien360.com\/wp-content\/uploads\/2025\/06\/03-Bi-Mat-Cua-Nhung-Bi-Mat-Tap-2-Osho-1-300x300.jpg",300,300,true],"woocommerce_single":["http:\/\/thuvien360.com\/wp-content\/uploads\/2025\/06\/03-Bi-Mat-Cua-Nhung-Bi-Mat-Tap-2-Osho-1-600x450.jpg",600,450,true],"woocommerce_gallery_thumbnail":["http:\/\/thuvien360.com\/wp-content\/uploads\/2025\/06\/03-Bi-Mat-Cua-Nhung-Bi-Mat-Tap-2-Osho-1-100x100.jpg",100,100,true]},"uagb_author_info":{"display_name":"admin","author_link":"http:\/\/thuvien360.com\/?author=0"},"uagb_comment_info":0,"uagb_excerpt":"\u0110\u1ecbnh d\u1ea1ng: S\u00e1ch n\u00f3i T\u1ea3i s\u00e1ch v\u1ec1 \u0111\u1ec3 nghe m\u1ecdi l\u00fac, m\u1ecdi n\u01a1i DOWNLOAD H\u00e3y t\u00f9y t\u00e2m \u0111\u00f3ng g\u00f3p \u0111\u1ec3 ch\u00fang t\u00f4i c\u00f3 th\u1ec3 ti\u1ebfp t\u1ee5c duy tr\u00ec v\u00e0 ph\u00e1t tri\u1ec3n ho\u1ea1t \u0111\u1ed9ng \u00fd ngh\u0129a n\u00e0y.","_links":{"self":[{"href":"http:\/\/thuvien360.com\/index.php?rest_route=\/wp\/v2\/product\/611","targetHints":{"allow":["GET"]}}],"collection":[{"href":"http:\/\/thuvien360.com\/index.php?rest_route=\/wp\/v2\/product"}],"about":[{"href":"http:\/\/thuvien360.com\/index.php?rest_route=\/wp\/v2\/types\/product"}],"replies":[{"embeddable":true,"href":"http:\/\/thuvien360.com\/index.php?rest_route=%2Fwp%2Fv2%2Fcomments&post=611"}],"wp:featuredmedia":[{"embeddable":true,"href":"http:\/\/thuvien360.com\/index.php?rest_route=\/wp\/v2\/media\/612"}],"wp:attachment":[{"href":"http:\/\/thuvien360.com\/index.php?rest_route=%2Fwp%2Fv2%2Fmedia&parent=611"}],"wp:term":[{"taxonomy":"product_brand","embeddable":true,"href":"http:\/\/thuvien360.com\/index.php?rest_route=%2Fwp%2Fv2%2Fproduct_brand&post=611"},{"taxonomy":"product_cat","embeddable":true,"href":"http:\/\/thuvien360.com\/index.php?rest_route=%2Fwp%2Fv2%2Fproduct_cat&post=611"},{"taxonomy":"product_tag","embeddable":true,"href":"http:\/\/thuvien360.com\/index.php?rest_route=%2Fwp%2Fv2%2Fproduct_tag&post=611"}],"curies":[{"name":"wp","href":"https:\/\/api.w.org\/{rel}","templated":true}]}}