{"id":419,"date":"2025-06-18T08:53:03","date_gmt":"2025-06-18T08:53:03","guid":{"rendered":"http:\/\/thuvien360.com\/?post_type=product&#038;p=419"},"modified":"2025-07-04T03:07:53","modified_gmt":"2025-07-04T03:07:53","slug":"419","status":"publish","type":"product","link":"http:\/\/thuvien360.com\/?product=419","title":{"rendered":"&#8220;C\u00e1ch \u0110\u1ec3 \u0110\u1ea1t 1 Tri\u1ec7u Follow Ch\u1ec9 Trong 30 Ng\u00e0y&#8221; \u2013 B\u1ebb kh\u00f3a thu\u1eadt to\u00e1n, t\u0103ng t\u1ed1c th\u01b0\u01a1ng hi\u1ec7u c\u00e1 nh\u00e2n"},"content":{"rendered":"<h3 data-start=\"211\" data-end=\"318\"><strong data-start=\"215\" data-end=\"316\">&#8220;C\u00e1ch \u0110\u1ec3 \u0110\u1ea1t 1 Tri\u1ec7u Follow Ch\u1ec9 Trong 30 Ng\u00e0y&#8221; \u2013 B\u1ebb kh\u00f3a thu\u1eadt to\u00e1n, t\u0103ng t\u1ed1c th\u01b0\u01a1ng hi\u1ec7u c\u00e1 nh\u00e2n<\/strong><\/h3>\n<p data-start=\"319\" data-end=\"424\"><em data-start=\"319\" data-end=\"424\">T\u00e1c gi\u1ea3: Brendan Kane \u2013 chi\u1ebfn l\u01b0\u1ee3c gia truy\u1ec1n th\u00f4ng t\u1eebng l\u00e0m vi\u1ec7c v\u1edbi Taylor Swift, Rihanna, MTV, IKEA\u2026<\/em><\/p>\n<p data-start=\"426\" data-end=\"704\">B\u1ea1n ngh\u0129 c\u1ea7n nhi\u1ec1u n\u0103m \u0111\u1ec3 x\u00e2y d\u1ef1ng m\u1ed9t l\u01b0\u1ee3ng fan l\u1edbn? Brendan Kane ch\u1ee9ng minh \u0111i\u1ec1u ng\u01b0\u1ee3c l\u1ea1i. V\u1edbi chi\u1ebfn l\u01b0\u1ee3c \u0111\u00fang, n\u1ed9i dung \u0111\u1ee7 s\u1ee9c h\u00fat, v\u00e0 hi\u1ec3u r\u00f5 h\u00e0nh vi ng\u01b0\u1eddi d\u00f9ng, <strong data-start=\"593\" data-end=\"667\">b\u1ea1n ho\u00e0n to\u00e0n c\u00f3 th\u1ec3 \u0111\u1ea1t 1 tri\u1ec7u ng\u01b0\u1eddi theo d\u00f5i ch\u1ec9 trong v\u00f2ng 30 ng\u00e0y<\/strong> \u2013 k\u1ec3 c\u1ea3 khi b\u1ea1n b\u1eaft \u0111\u1ea7u t\u1eeb con s\u1ed1 0.<\/p>\n<p data-start=\"706\" data-end=\"1128\">Trong s\u00e1ch, b\u1ea1n s\u1ebd h\u1ecdc \u0111\u01b0\u1ee3c:<br data-start=\"734\" data-end=\"737\" \/>\ud83d\udd39 C\u00e1ch t\u1ea1o <strong data-start=\"749\" data-end=\"767\">n\u1ed9i dung viral<\/strong> khi\u1ebfn ng\u01b0\u1eddi xem d\u1eebng l\u1ea1i ngay l\u1eadp t\u1ee9c<br data-start=\"805\" data-end=\"808\" \/>\ud83d\udd39 <strong data-start=\"811\" data-end=\"837\">Chi\u1ebfn l\u01b0\u1ee3c A\/B testing<\/strong> \u0111\u1ec3 t\u1ed1i \u01b0u t\u1eebng b\u00e0i \u0111\u0103ng tr\u00ean n\u1ec1n t\u1ea3ng s\u1ed1<br data-start=\"878\" data-end=\"881\" \/>\ud83d\udd39 C\u00f4ng th\u1ee9c t\u0103ng tr\u01b0\u1edfng m\u1ea1nh m\u1ebd d\u00e0nh cho <strong data-start=\"923\" data-end=\"963\">TikTok, Instagram, Facebook, YouTube<\/strong><br data-start=\"963\" data-end=\"966\" \/>\ud83d\udd39 Nh\u1eefng b\u00e0i h\u1ecdc th\u1ef1c ti\u1ec5n t\u1eeb ng\u01b0\u1eddi n\u1ed5i ti\u1ebfng, th\u01b0\u01a1ng hi\u1ec7u l\u1edbn v\u00e0 influencer to\u00e0n c\u1ea7u<br data-start=\"1051\" data-end=\"1054\" data-is-only-node=\"\" \/>\ud83d\udd39 L\u00e0m sao \u0111\u1ec3 <strong data-start=\"1068\" data-end=\"1128\">bi\u1ebfn follow th\u00e0nh \u1ea3nh h\u01b0\u1edfng, c\u1ed9ng \u0111\u1ed3ng v\u00e0 doanh thu th\u1eadt<\/strong><\/p>\n<p data-start=\"1130\" data-end=\"1361\"><strong data-start=\"1130\" data-end=\"1162\">&#8220;C\u00e1ch \u0110\u1ec3 \u0110\u1ea1t 1 Tri\u1ec7u Follow&#8221;<\/strong> kh\u00f4ng ch\u1ec9 l\u00e0 s\u00e1ch h\u01b0\u1edbng d\u1eabn k\u1ef9 thu\u1eadt \u2013 m\u00e0 l\u00e0 m\u1ed9t <strong data-start=\"1212\" data-end=\"1238\">cu\u1ed1n b\u1ea3n \u0111\u1ed3 chi\u1ebfn l\u01b0\u1ee3c<\/strong> cho b\u1ea5t k\u1ef3 ai mu\u1ed1n v\u01b0\u01a1n t\u1ea7m tr\u00ean m\u1ea1ng x\u00e3 h\u1ed9i, d\u00f9 l\u00e0 ng\u01b0\u1eddi s\u00e1ng t\u1ea1o n\u1ed9i dung, doanh nh\u00e2n hay ng\u01b0\u1eddi l\u00e0m th\u01b0\u01a1ng hi\u1ec7u c\u00e1 nh\u00e2n.<\/p>\n","protected":false},"excerpt":{"rendered":"<p><strong>T\u00e1c gi\u1ea3 :<\/strong> Brendan Kane<\/p>\n<p><strong>\u0110\u1ecbnh d\u1ea1ng :<\/strong> S\u00e1ch n\u00f3i<\/p>\n<p><span data-sheets-root=\"1\"><a href=\"https:\/\/drive.usercontent.google.com\/download?id=13VST0haRi4veL0oC2qyKRMsLoMR6p8CA&amp;export=download&amp;authuser=0\">DOWNLOAD<\/a><br \/>\nH\u00e3y t\u00f9y t\u00e2m \u0111\u00f3ng g\u00f3p \u0111\u1ec3 ch\u00fang t\u00f4i c\u00f3 th\u1ec3 ti\u1ebfp t\u1ee5c duy tr\u00ec v\u00e0 ph\u00e1t tri\u1ec3n ho\u1ea1t \u0111\u1ed9ng \u00fd ngh\u0129a n\u00e0y.<\/span><\/p>\n<p><img decoding=\"async\" src=\"http:\/\/thuvien360.com\/wp-content\/uploads\/2025\/06\/QR-HUNG.jpg\" \/><\/p>\n","protected":false},"featured_media":420,"comment_status":"open","ping_status":"closed","template":"","meta":{"_uag_custom_page_level_css":""},"product_brand":[],"product_cat":[34,36,38],"product_tag":[],"class_list":{"0":"post-419","1":"product","2":"type-product","3":"status-publish","4":"has-post-thumbnail","6":"product_cat-baihoc-kinhdoanh","7":"product_cat-day-lam-giau","8":"product_cat-ky-nang-ban-hang","10":"first","11":"instock","12":"downloadable","13":"virtual","14":"sold-individually","15":"product-type-simple"},"uagb_featured_image_src":{"full":["http:\/\/thuvien360.com\/wp-content\/uploads\/2025\/06\/32-1-trieu-follow-chi-trong-30-ngay.jpg",1200,900,false],"thumbnail":["http:\/\/thuvien360.com\/wp-content\/uploads\/2025\/06\/32-1-trieu-follow-chi-trong-30-ngay-150x150.jpg",150,150,true],"medium":["http:\/\/thuvien360.com\/wp-content\/uploads\/2025\/06\/32-1-trieu-follow-chi-trong-30-ngay-300x225.jpg",300,225,true],"medium_large":["http:\/\/thuvien360.com\/wp-content\/uploads\/2025\/06\/32-1-trieu-follow-chi-trong-30-ngay-768x576.jpg",768,576,true],"large":["http:\/\/thuvien360.com\/wp-content\/uploads\/2025\/06\/32-1-trieu-follow-chi-trong-30-ngay-1024x768.jpg",1020,765,true],"1536x1536":["http:\/\/thuvien360.com\/wp-content\/uploads\/2025\/06\/32-1-trieu-follow-chi-trong-30-ngay.jpg",1200,900,false],"2048x2048":["http:\/\/thuvien360.com\/wp-content\/uploads\/2025\/06\/32-1-trieu-follow-chi-trong-30-ngay.jpg",1200,900,false],"woocommerce_thumbnail":["http:\/\/thuvien360.com\/wp-content\/uploads\/2025\/06\/32-1-trieu-follow-chi-trong-30-ngay-300x300.jpg",300,300,true],"woocommerce_single":["http:\/\/thuvien360.com\/wp-content\/uploads\/2025\/06\/32-1-trieu-follow-chi-trong-30-ngay-600x450.jpg",600,450,true],"woocommerce_gallery_thumbnail":["http:\/\/thuvien360.com\/wp-content\/uploads\/2025\/06\/32-1-trieu-follow-chi-trong-30-ngay-100x100.jpg",100,100,true]},"uagb_author_info":{"display_name":"admin","author_link":"http:\/\/thuvien360.com\/?author=0"},"uagb_comment_info":0,"uagb_excerpt":"T\u00e1c gi\u1ea3 : Brendan Kane \u0110\u1ecbnh d\u1ea1ng : S\u00e1ch n\u00f3i DOWNLOAD H\u00e3y t\u00f9y t\u00e2m \u0111\u00f3ng g\u00f3p \u0111\u1ec3 ch\u00fang t\u00f4i c\u00f3 th\u1ec3 ti\u1ebfp t\u1ee5c duy tr\u00ec v\u00e0 ph\u00e1t tri\u1ec3n ho\u1ea1t \u0111\u1ed9ng \u00fd ngh\u0129a n\u00e0y.","_links":{"self":[{"href":"http:\/\/thuvien360.com\/index.php?rest_route=\/wp\/v2\/product\/419","targetHints":{"allow":["GET"]}}],"collection":[{"href":"http:\/\/thuvien360.com\/index.php?rest_route=\/wp\/v2\/product"}],"about":[{"href":"http:\/\/thuvien360.com\/index.php?rest_route=\/wp\/v2\/types\/product"}],"replies":[{"embeddable":true,"href":"http:\/\/thuvien360.com\/index.php?rest_route=%2Fwp%2Fv2%2Fcomments&post=419"}],"wp:featuredmedia":[{"embeddable":true,"href":"http:\/\/thuvien360.com\/index.php?rest_route=\/wp\/v2\/media\/420"}],"wp:attachment":[{"href":"http:\/\/thuvien360.com\/index.php?rest_route=%2Fwp%2Fv2%2Fmedia&parent=419"}],"wp:term":[{"taxonomy":"product_brand","embeddable":true,"href":"http:\/\/thuvien360.com\/index.php?rest_route=%2Fwp%2Fv2%2Fproduct_brand&post=419"},{"taxonomy":"product_cat","embeddable":true,"href":"http:\/\/thuvien360.com\/index.php?rest_route=%2Fwp%2Fv2%2Fproduct_cat&post=419"},{"taxonomy":"product_tag","embeddable":true,"href":"http:\/\/thuvien360.com\/index.php?rest_route=%2Fwp%2Fv2%2Fproduct_tag&post=419"}],"curies":[{"name":"wp","href":"https:\/\/api.w.org\/{rel}","templated":true}]}}